CRAN Package Check Results for Package FastKNN

Last updated on 2025-10-05 03:49:42 CEST.

Flavor Version Tinstall Tcheck Ttotal Status Flags
r-devel-linux-x86_64-debian-clang 0.0.1 1.73 20.34 22.07 NOTE
r-devel-linux-x86_64-debian-gcc 0.0.1 1.29 16.65 17.94 NOTE
r-devel-linux-x86_64-fedora-clang 0.0.1 32.19 OK
r-devel-linux-x86_64-fedora-gcc 0.0.1 31.56 OK
r-devel-windows-x86_64 0.0.1 3.00 39.00 42.00 OK
r-patched-linux-x86_64 0.0.1 1.57 19.30 20.87 OK
r-release-linux-x86_64 0.0.1 1.64 19.16 20.80 OK
r-release-macos-arm64 0.0.1 16.00 OK
r-release-macos-x86_64 0.0.1 26.00 OK
r-release-windows-x86_64 0.0.1 2.00 40.00 42.00 OK
r-oldrel-macos-arm64 0.0.1 16.00 OK
r-oldrel-macos-x86_64 0.0.1 24.00 OK
r-oldrel-windows-x86_64 0.0.1 5.00 44.00 49.00 OK

Check Details

Version: 0.0.1
Check: CRAN incoming feasibility
Result: NOTE Maintainer: ‘Gaston Besanson <besanson@gmail.com>’ No Authors@R field in DESCRIPTION. Please add one, modifying Authors@R: person(given = "Gaston", family = "Besanson", role = c("aut", "cre"), email = "besanson@gmail.com") as necessary. Flavors: r-devel-linux-x86_64-debian-clang, r-devel-linux-x86_64-debian-gcc