Last updated on 2025-10-31 02:50:31 CET.
| Flavor | Version | Tinstall | Tcheck | Ttotal | Status | Flags | 
|---|---|---|---|---|---|---|
| r-devel-linux-x86_64-debian-clang | 2.2.1 | 2.15 | 37.09 | 39.24 | NOTE | |
| r-devel-linux-x86_64-debian-gcc | 2.2.1 | 1.57 | 27.62 | 29.19 | NOTE | |
| r-devel-linux-x86_64-fedora-clang | 2.2.1 | 57.82 | OK | |||
| r-devel-linux-x86_64-fedora-gcc | 2.2.1 | 55.36 | OK | |||
| r-devel-windows-x86_64 | 2.2.1 | 3.00 | 52.00 | 55.00 | OK | |
| r-patched-linux-x86_64 | 2.2.1 | 2.13 | 34.32 | 36.45 | OK | |
| r-release-linux-x86_64 | 2.2.1 | 2.13 | 34.41 | 36.54 | OK | |
| r-release-macos-arm64 | 2.2.1 | 1.00 | 23.00 | 24.00 | OK | |
| r-release-macos-x86_64 | 2.2.1 | 2.00 | 44.00 | 46.00 | OK | |
| r-release-windows-x86_64 | 2.2.1 | 3.00 | 54.00 | 57.00 | OK | |
| r-oldrel-macos-arm64 | 2.2.1 | 1.00 | 19.00 | 20.00 | OK | |
| r-oldrel-macos-x86_64 | 2.2.1 | 2.00 | 27.00 | 29.00 | OK | |
| r-oldrel-windows-x86_64 | 2.2.1 | 4.00 | 63.00 | 67.00 | OK | 
Version: 2.2.1
Check: CRAN incoming feasibility
Result: NOTE
  Maintainer: ‘Stephen R. Haptonstahl <srh@haptonstahl.org>’
  
  No Authors@R field in DESCRIPTION.
  Please add one, modifying
    Authors@R: person(given = c("Stephen", "R."),
                      family = "Haptonstahl",
                      role = c("aut", "cre"),
                      email = "srh@haptonstahl.org")
  as necessary.
Flavors: r-devel-linux-x86_64-debian-clang, r-devel-linux-x86_64-debian-gcc