Last updated on 2025-11-15 03:50:10 CET.
| Flavor | Version | Tinstall | Tcheck | Ttotal | Status | Flags |
|---|---|---|---|---|---|---|
| r-devel-linux-x86_64-debian-clang | 0.1.3 | 2.54 | 52.50 | 55.04 | NOTE | |
| r-devel-linux-x86_64-debian-gcc | 0.1.3 | 1.90 | 42.27 | 44.17 | NOTE | |
| r-devel-linux-x86_64-fedora-clang | 0.1.3 | 89.30 | OK | |||
| r-devel-linux-x86_64-fedora-gcc | 0.1.3 | 93.01 | OK | |||
| r-devel-windows-x86_64 | 0.1.3 | 5.00 | 66.00 | 71.00 | OK | |
| r-patched-linux-x86_64 | 0.1.3 | 2.11 | 51.50 | 53.61 | OK | |
| r-release-linux-x86_64 | 0.1.3 | 2.39 | 51.74 | 54.13 | OK | |
| r-release-macos-arm64 | 0.1.3 | 1.00 | 36.00 | 37.00 | OK | |
| r-release-macos-x86_64 | 0.1.3 | 2.00 | 66.00 | 68.00 | OK | |
| r-release-windows-x86_64 | 0.1.3 | 3.00 | 66.00 | 69.00 | OK | |
| r-oldrel-macos-arm64 | 0.1.3 | 1.00 | 32.00 | 33.00 | NOTE | |
| r-oldrel-macos-x86_64 | 0.1.3 | 3.00 | 50.00 | 53.00 | NOTE | |
| r-oldrel-windows-x86_64 | 0.1.3 | 5.00 | 80.00 | 85.00 | NOTE |
Version: 0.1.3
Check: CRAN incoming feasibility
Result: NOTE
Maintainer: ‘Mona Azadkia <monaazadkia@gmail.com>’
The Description field contains
simple measure of conditional dependence" <arXiv:1910.12327>.
Please refer to arXiv e-prints via their arXiv DOI <doi:10.48550/arXiv.YYMM.NNNNN>.
Flavors: r-devel-linux-x86_64-debian-clang, r-devel-linux-x86_64-debian-gcc
Version: 0.1.3
Check: LazyData
Result: NOTE
'LazyData' is specified without a 'data' directory
Flavors: r-oldrel-macos-arm64, r-oldrel-macos-x86_64, r-oldrel-windows-x86_64