CRAN Package Check Results for Package FITSio

Last updated on 2025-05-19 03:49:57 CEST.

Flavor Version Tinstall Tcheck Ttotal Status Flags
r-devel-linux-x86_64-debian-clang 2.1-6 2.80 24.22 27.02 NOTE
r-devel-linux-x86_64-debian-gcc 2.1-6 1.82 18.55 20.37 NOTE
r-devel-linux-x86_64-fedora-clang 2.1-6 42.36 OK
r-devel-linux-x86_64-fedora-gcc 2.1-6 40.03 OK
r-devel-windows-x86_64 2.1-6 3.00 53.00 56.00 OK
r-patched-linux-x86_64 2.1-6 3.19 23.23 26.42 OK
r-release-linux-x86_64 2.1-6 2.54 23.15 25.69 OK
r-release-macos-arm64 2.1-6 18.00 OK
r-release-macos-x86_64 2.1-6 28.00 OK
r-release-windows-x86_64 2.1-6 5.00 49.00 54.00 OK
r-oldrel-macos-arm64 2.1-6 18.00 OK
r-oldrel-macos-x86_64 2.1-6 24.00 OK
r-oldrel-windows-x86_64 2.1-6 3.00 49.00 52.00 OK

Check Details

Version: 2.1-6
Check: CRAN incoming feasibility
Result: NOTE Maintainer: ‘Andrew Harris <harris@astro.umd.edu>’ No Authors@R field in DESCRIPTION. Please add one, modifying Authors@R: person(given = "Andrew", family = "Harris", role = c("aut", "cre"), email = "harris@astro.umd.edu") as necessary. Flavors: r-devel-linux-x86_64-debian-clang, r-devel-linux-x86_64-debian-gcc