Last updated on 2025-05-03 03:51:57 CEST.
Flavor | Version | Tinstall | Tcheck | Ttotal | Status | Flags |
---|---|---|---|---|---|---|
r-devel-linux-x86_64-debian-clang | 1.5.1 | 8.36 | 65.14 | 73.50 | NOTE | |
r-devel-linux-x86_64-debian-gcc | 1.5.1 | 5.84 | 49.42 | 55.26 | NOTE | |
r-devel-linux-x86_64-fedora-clang | 1.5.1 | 125.44 | OK | |||
r-devel-linux-x86_64-fedora-gcc | 1.5.1 | 112.63 | OK | |||
r-devel-windows-x86_64 | 1.5.1 | 9.00 | 93.00 | 102.00 | OK | |
r-patched-linux-x86_64 | 1.5.1 | 7.15 | 63.30 | 70.45 | OK | |
r-release-linux-x86_64 | OK | |||||
r-release-macos-arm64 | 1.5.1 | 46.00 | OK | |||
r-release-macos-x86_64 | 1.5.1 | 78.00 | OK | |||
r-release-windows-x86_64 | 1.5.1 | 9.00 | 84.00 | 93.00 | OK | |
r-oldrel-macos-arm64 | 1.5.1 | 38.00 | OK | |||
r-oldrel-macos-x86_64 | 1.5.1 | 58.00 | OK | |||
r-oldrel-windows-x86_64 | 1.5.1 | 10.00 | 102.00 | 112.00 | OK |
Version: 1.5.1
Check: CRAN incoming feasibility
Result: NOTE
Maintainer: ‘Ramon Oller <ramon.oller@uvic.cat>’
No Authors@R field in DESCRIPTION.
Please add one, modifying
Authors@R: c(person(given = "Ramon",
family = "Oller",
role = c("aut", "cre"),
email = "ramon.oller@uvic.cat"),
person(given = "Klaus",
family = "Langohr",
role = "aut"))
as necessary.
Flavors: r-devel-linux-x86_64-debian-clang, r-devel-linux-x86_64-debian-gcc