Last updated on 2025-05-03 03:51:57 CEST.
Flavor | Version | Tinstall | Tcheck | Ttotal | Status | Flags |
---|---|---|---|---|---|---|
r-devel-linux-x86_64-debian-clang | 1.1-2 | 17.19 | 215.65 | 232.84 | NOTE | |
r-devel-linux-x86_64-debian-gcc | 1.1-2 | 10.89 | 161.92 | 172.81 | NOTE | |
r-devel-linux-x86_64-fedora-clang | 1.1-2 | 392.92 | OK | |||
r-devel-linux-x86_64-fedora-gcc | 1.1-2 | 414.86 | OK | |||
r-devel-windows-x86_64 | 1.1-2 | 17.00 | 256.00 | 273.00 | NOTE | |
r-patched-linux-x86_64 | 1.1-2 | 19.06 | 219.82 | 238.88 | NOTE | |
r-release-linux-x86_64 | NOTE | |||||
r-release-macos-arm64 | 1.1-2 | 115.00 | OK | |||
r-release-macos-x86_64 | 1.1-2 | 261.00 | OK | |||
r-release-windows-x86_64 | 1.1-2 | 18.00 | 259.00 | 277.00 | NOTE | |
r-oldrel-macos-arm64 | 1.1-2 | 102.00 | OK | |||
r-oldrel-macos-x86_64 | 1.1-2 | 268.00 | OK | |||
r-oldrel-windows-x86_64 | 1.1-2 | 22.00 | 324.00 | 346.00 | OK |
Version: 1.1-2
Check: Rd cross-references
Result: NOTE
Found the following Rd file(s) with Rd \link{} targets missing package
anchors:
FDboost.Rd: mboost
FDboostLSS.Rd: Families, GaussianLSS, boost_control
bootstrapCI.Rd: cvrisk
cvrisk.FDboostLSS.Rd: cvrisk.mboostLSS
predict.FDboost_fac.Rd: predict.mboost
Please provide package anchors for all Rd \link{} targets not in the
package itself and the base packages.
Flavors: r-devel-linux-x86_64-debian-clang, r-devel-linux-x86_64-debian-gcc, r-devel-windows-x86_64, r-patched-linux-x86_64, r-release-linux-x86_64, r-release-windows-x86_64