Last updated on 2025-11-23 03:48:42 CET.
| Flavor | Version | Tinstall | Tcheck | Ttotal | Status | Flags |
|---|---|---|---|---|---|---|
| r-devel-linux-x86_64-debian-clang | 9.1.6 | 25.48 | 223.00 | 248.48 | NOTE | |
| r-devel-linux-x86_64-debian-gcc | 9.1.6 | 17.47 | 141.83 | 159.30 | NOTE | |
| r-devel-linux-x86_64-fedora-clang | 9.1.6 | 58.00 | 360.70 | 418.70 | OK | |
| r-devel-windows-x86_64 | 9.1.6 | 25.00 | 166.00 | 191.00 | OK | |
| r-patched-linux-x86_64 | 9.1.6 | 24.64 | 212.84 | 237.48 | OK | |
| r-release-linux-x86_64 | 9.1.6 | 23.06 | 217.22 | 240.28 | OK | |
| r-release-macos-arm64 | 9.1.6 | OK | ||||
| r-release-macos-x86_64 | 9.1.6 | 21.00 | 164.00 | 185.00 | OK | |
| r-release-windows-x86_64 | 9.1.6 | 24.00 | 190.00 | 214.00 | OK | |
| r-oldrel-macos-arm64 | 9.1.6 | OK | ||||
| r-oldrel-macos-x86_64 | 9.1.6 | 18.00 | 114.00 | 132.00 | OK | |
| r-oldrel-windows-x86_64 | 9.1.6 | 35.00 | 237.00 | 272.00 | OK |
Version: 9.1.6
Check: CRAN incoming feasibility
Result: NOTE
Maintainer: ‘Subhadip Datta <subhadipdatta007@gmail.com>’
No Authors@R field in DESCRIPTION.
Please add one, modifying
Authors@R: c(person(given = "Suhadip",
family = "Datta",
role = "aut"),
person(given = "Subhadip",
family = "Datta",
role = "cre",
email = "subhadipdatta007@gmail.com"))
as necessary.
Flavors: r-devel-linux-x86_64-debian-clang, r-devel-linux-x86_64-debian-gcc