Last updated on 2025-11-26 03:51:57 CET.
| Flavor | Version | Tinstall | Tcheck | Ttotal | Status | Flags |
|---|---|---|---|---|---|---|
| r-devel-linux-x86_64-debian-clang | 1.0 | 24.55 | 142.94 | 167.49 | OK | |
| r-devel-linux-x86_64-debian-gcc | 1.0 | 14.63 | 95.21 | 109.84 | OK | |
| r-devel-linux-x86_64-fedora-clang | 1.0 | 69.00 | 198.35 | 267.35 | NOTE | |
| r-devel-linux-x86_64-fedora-gcc | 1.0 | 109.00 | 155.25 | 264.25 | NOTE | |
| r-devel-windows-x86_64 | 1.0 | 37.00 | 128.00 | 165.00 | OK | |
| r-patched-linux-x86_64 | 1.0 | 24.57 | 132.06 | 156.63 | OK | |
| r-release-linux-x86_64 | 1.0 | 21.70 | 133.94 | 155.64 | OK | |
| r-release-macos-arm64 | 1.0 | OK | ||||
| r-release-macos-x86_64 | 1.0 | 22.00 | 105.00 | 127.00 | OK | |
| r-release-windows-x86_64 | 1.0 | 22.00 | 127.00 | 149.00 | OK | |
| r-oldrel-macos-arm64 | 1.0 | OK | ||||
| r-oldrel-macos-x86_64 | 1.0 | 14.00 | 84.00 | 98.00 | OK | |
| r-oldrel-windows-x86_64 | 1.0 | 33.00 | 168.00 | 201.00 | OK |
Version: 1.0
Check: dependencies in R code
Result: NOTE
Namespaces in Imports field not imported from:
‘KMsurv’ ‘MLEcens’ ‘lubridate’ ‘msm’ ‘perm’
All declared Imports should be used.
Flavors: r-devel-linux-x86_64-fedora-clang, r-devel-linux-x86_64-fedora-gcc