CRAN Package Check Results for Package EvaluationMeasures

Last updated on 2025-11-15 03:50:09 CET.

Flavor Version Tinstall Tcheck Ttotal Status Flags
r-devel-linux-x86_64-debian-clang 1.1.0 1.99 21.15 23.14 OK
r-devel-linux-x86_64-debian-gcc 1.1.0 1.40 17.91 19.31 OK
r-devel-linux-x86_64-fedora-clang 1.1.0 33.93 OK
r-devel-linux-x86_64-fedora-gcc 1.1.0 32.30 OK
r-devel-windows-x86_64 1.1.0 3.00 38.00 41.00 OK
r-patched-linux-x86_64 1.1.0 1.54 20.12 21.66 OK
r-release-linux-x86_64 1.1.0 1.74 19.89 21.63 OK
r-release-macos-arm64 1.1.0 1.00 15.00 16.00 OK
r-release-macos-x86_64 1.1.0 2.00 22.00 24.00 OK
r-release-windows-x86_64 1.1.0 3.00 38.00 41.00 OK
r-oldrel-macos-arm64 1.1.0 1.00 13.00 14.00 NOTE
r-oldrel-macos-x86_64 1.1.0 2.00 18.00 20.00 NOTE
r-oldrel-windows-x86_64 1.1.0 3.00 40.00 43.00 NOTE

Check Details

Version: 1.1.0
Check: LazyData
Result: NOTE 'LazyData' is specified without a 'data' directory Flavors: r-oldrel-macos-arm64, r-oldrel-macos-x86_64, r-oldrel-windows-x86_64