CRAN Package Check Results for Package EstimateGroupNetwork

Last updated on 2025-11-23 03:48:42 CET.

Flavor Version Tinstall Tcheck Ttotal Status Flags
r-devel-linux-x86_64-debian-clang 0.3.1 12.52 108.02 120.54 NOTE
r-devel-linux-x86_64-debian-gcc 0.3.1 10.56 80.00 90.56 NOTE
r-devel-linux-x86_64-fedora-clang 0.3.1 65.00 136.24 201.24 OK
r-devel-windows-x86_64 0.3.1 16.00 102.00 118.00 OK
r-patched-linux-x86_64 0.3.1 14.37 100.55 114.92 OK
r-release-linux-x86_64 0.3.1 13.94 101.50 115.44 OK
r-release-macos-arm64 0.3.1 OK
r-release-macos-x86_64 0.3.1 11.00 80.00 91.00 OK
r-release-windows-x86_64 0.3.1 15.00 109.00 124.00 OK
r-oldrel-macos-arm64 0.3.1 NOTE
r-oldrel-macos-x86_64 0.3.1 8.00 61.00 69.00 NOTE
r-oldrel-windows-x86_64 0.3.1 22.00 134.00 156.00 NOTE

Check Details

Version: 0.3.1
Check: CRAN incoming feasibility
Result: NOTE Maintainer: ‘Giulio Costantini <giulio.costantini@unimib.it>’ No Authors@R field in DESCRIPTION. Please add one, modifying Authors@R: c(person(given = "Giulio", family = "Costantini", role = c("aut", "cre"), email = "giulio.costantini@unimib.it"), person(given = "Nils", family = "Kappelmann", role = "aut"), person(given = "Sacha", family = "Epskamp", role = "aut")) as necessary. Package CITATION file contains call(s) to old-style personList() or as.personList(). Please use c() on person objects instead. Package CITATION file contains call(s) to old-style citEntry(). Please use bibentry() instead. Flavors: r-devel-linux-x86_64-debian-clang, r-devel-linux-x86_64-debian-gcc

Version: 0.3.1
Check: LazyData
Result: NOTE 'LazyData' is specified without a 'data' directory Flavors: r-oldrel-macos-arm64, r-oldrel-macos-x86_64, r-oldrel-windows-x86_64