Last updated on 2025-11-04 03:50:49 CET.
| Flavor | Version | Tinstall | Tcheck | Ttotal | Status | Flags | 
|---|---|---|---|---|---|---|
| r-devel-linux-x86_64-debian-clang | 3.1.0 | 57.33 | 468.25 | 525.58 | NOTE | |
| r-devel-linux-x86_64-debian-gcc | 3.1.0 | 37.97 | 294.67 | 332.64 | NOTE | |
| r-devel-linux-x86_64-fedora-clang | 3.1.0 | 136.00 | 667.39 | 803.39 | NOTE | |
| r-devel-linux-x86_64-fedora-gcc | 3.1.0 | 263.00 | 538.10 | 801.10 | NOTE | |
| r-devel-windows-x86_64 | 3.1.0 | 61.00 | 524.00 | 585.00 | NOTE | |
| r-patched-linux-x86_64 | 3.1.0 | 86.42 | 430.05 | 516.47 | OK | |
| r-release-linux-x86_64 | 3.1.0 | 56.62 | 433.46 | 490.08 | OK | |
| r-release-macos-arm64 | 3.1.0 | 26.00 | 135.00 | 161.00 | OK | |
| r-release-macos-x86_64 | 3.1.0 | 52.00 | 327.00 | 379.00 | OK | |
| r-release-windows-x86_64 | 3.1.0 | 62.00 | 524.00 | 586.00 | OK | |
| r-oldrel-macos-arm64 | 3.1.0 | 24.00 | 137.00 | 161.00 | NOTE | |
| r-oldrel-macos-x86_64 | 3.1.0 | 55.00 | 310.00 | 365.00 | NOTE | |
| r-oldrel-windows-x86_64 | 3.1.0 | 89.00 | 661.00 | 750.00 | NOTE | 
Version: 3.1.0
Check: Rd files
Result: NOTE
  checkRd: (-1) Distribution.df.Rd:293-423: Only 5 columns allowed in this table (row 125 has 4)
  checkRd: (-1) kendallSeasonalTrendTest.Rd:419-426: Only 3 columns allowed in this table (row 6 has 2)
  checkRd: (-1) kendallSeasonalTrendTest.Rd:438-445: Only 6 columns allowed in this table (row 6 has 5)
  checkRd: (-1) kendallSeasonalTrendTest.Rd:457-464: Only 6 columns allowed in this table (row 6 has 5)
Flavors: r-devel-linux-x86_64-debian-clang, r-devel-linux-x86_64-debian-gcc, r-devel-linux-x86_64-fedora-clang, r-devel-linux-x86_64-fedora-gcc, r-devel-windows-x86_64
Version: 3.1.0
Check: installed package size
Result: NOTE
    installed size is  7.6Mb
    sub-directories of 1Mb or more:
      R      3.1Mb
      help   3.9Mb
Flavors: r-oldrel-macos-arm64, r-oldrel-macos-x86_64, r-oldrel-windows-x86_64