Last updated on 2025-11-15 03:50:09 CET.
| Flavor | Version | Tinstall | Tcheck | Ttotal | Status | Flags |
|---|---|---|---|---|---|---|
| r-devel-linux-x86_64-debian-clang | 0.5.0 | 412.48 | 274.75 | 687.23 | OK | |
| r-devel-linux-x86_64-debian-gcc | 0.5.0 | 355.31 | 233.63 | 588.94 | OK | |
| r-devel-linux-x86_64-fedora-clang | 0.5.0 | 840.00 | 217.16 | 1057.16 | OK | |
| r-devel-linux-x86_64-fedora-gcc | 0.5.0 | 1380.00 | 45.19 | 1425.19 | OK | |
| r-devel-windows-x86_64 | 0.5.0 | 557.00 | 376.00 | 933.00 | OK | |
| r-patched-linux-x86_64 | 0.5.0 | 505.06 | 313.29 | 818.35 | OK | |
| r-release-linux-x86_64 | 0.5.0 | 511.60 | 311.97 | 823.57 | OK | |
| r-release-macos-arm64 | 0.5.0 | 159.00 | 110.00 | 269.00 | OK | |
| r-release-macos-x86_64 | 0.5.0 | 359.00 | 174.00 | 533.00 | OK | |
| r-release-windows-x86_64 | 0.5.0 | 475.00 | 378.00 | 853.00 | OK | |
| r-oldrel-macos-arm64 | 0.5.0 | 86.00 | 70.00 | 156.00 | NOTE | |
| r-oldrel-macos-x86_64 | 0.5.0 | 68.00 | 120.00 | 188.00 | NOTE | |
| r-oldrel-windows-x86_64 | 0.5.0 | 538.00 | 478.00 | 1016.00 | NOTE |
Version: 0.5.0
Check: installed package size
Result: NOTE
installed size is 85.7Mb
sub-directories of 1Mb or more:
libs 84.5Mb
Flavors: r-oldrel-macos-arm64, r-oldrel-macos-x86_64, r-oldrel-windows-x86_64
Version: 0.5.0
Check: for GNU extensions in Makefiles
Result: NOTE
GNU make is a SystemRequirements.
Flavors: r-oldrel-macos-arm64, r-oldrel-macos-x86_64, r-oldrel-windows-x86_64