CRAN Package Check Results for Package EScvtmle

Last updated on 2025-07-18 03:50:57 CEST.

Flavor Version Tinstall Tcheck Ttotal Status Flags
r-devel-linux-x86_64-debian-clang 0.0.2 9.38 91.31 100.69 NOTE
r-devel-linux-x86_64-debian-gcc 0.0.2 7.35 60.58 67.93 NOTE
r-devel-linux-x86_64-fedora-clang 0.0.2 162.06 OK
r-devel-linux-x86_64-fedora-gcc 0.0.2 151.38 OK
r-devel-windows-x86_64 0.0.2 11.00 101.00 112.00 OK
r-patched-linux-x86_64 0.0.2 10.35 84.46 94.81 OK
r-release-linux-x86_64 0.0.2 9.84 84.35 94.19 OK
r-release-macos-arm64 0.0.2 46.00 OK
r-release-macos-x86_64 0.0.2 84.00 OK
r-release-windows-x86_64 0.0.2 12.00 94.00 106.00 OK
r-oldrel-macos-arm64 0.0.2 39.00 OK
r-oldrel-macos-x86_64 0.0.2 76.00 OK
r-oldrel-windows-x86_64 0.0.2 15.00 127.00 142.00 OK

Check Details

Version: 0.0.2
Check: CRAN incoming feasibility
Result: NOTE Maintainer: ‘Lauren Eyler Dang <lauren.eyler@berkeley.edu>’ The Description field contains <arXiv:2210.05802>. Please refer to arXiv e-prints via their arXiv DOI <doi:10.48550/arXiv.YYMM.NNNNN>. Flavors: r-devel-linux-x86_64-debian-clang, r-devel-linux-x86_64-debian-gcc