Last updated on 2025-10-31 02:50:30 CET.
| Flavor | Version | Tinstall | Tcheck | Ttotal | Status | Flags | 
|---|---|---|---|---|---|---|
| r-devel-linux-x86_64-debian-clang | 1.2.1 | 5.82 | 95.04 | 100.86 | OK | |
| r-devel-linux-x86_64-debian-gcc | 1.2.1 | 3.93 | 67.43 | 71.36 | OK | |
| r-devel-linux-x86_64-fedora-clang | 1.2.1 | 16.00 | 137.14 | 153.14 | OK | |
| r-devel-linux-x86_64-fedora-gcc | 1.2.1 | 11.00 | 153.78 | 164.78 | OK | |
| r-devel-windows-x86_64 | 1.2.1 | 8.00 | 114.00 | 122.00 | OK | |
| r-patched-linux-x86_64 | 1.2.1 | 5.39 | 88.56 | 93.95 | OK | |
| r-release-linux-x86_64 | 1.2.1 | 5.63 | 87.48 | 93.11 | OK | |
| r-release-macos-arm64 | 1.2.1 | 3.00 | 73.00 | 76.00 | OK | |
| r-release-macos-x86_64 | 1.2.1 | 5.00 | 179.00 | 184.00 | OK | |
| r-release-windows-x86_64 | 1.2.1 | 11.00 | 115.00 | 126.00 | OK | |
| r-oldrel-macos-arm64 | 1.2.1 | 3.00 | 64.00 | 67.00 | NOTE | |
| r-oldrel-macos-x86_64 | 1.2.1 | 4.00 | 89.00 | 93.00 | NOTE | |
| r-oldrel-windows-x86_64 | 1.2.1 | 11.00 | 141.00 | 152.00 | NOTE | 
Version: 1.2.1
Check: installed package size
Result: NOTE
    installed size is 10.4Mb
    sub-directories of 1Mb or more:
      doc       5.1Mb
      extdata   5.1Mb
Flavors: r-oldrel-macos-arm64, r-oldrel-macos-x86_64, r-oldrel-windows-x86_64