Last updated on 2025-05-02 03:51:07 CEST.
Flavor | Version | Tinstall | Tcheck | Ttotal | Status | Flags |
---|---|---|---|---|---|---|
r-devel-linux-x86_64-debian-clang | 0.1.0 | 1.70 | 54.74 | 56.44 | NOTE | |
r-devel-linux-x86_64-debian-gcc | 0.1.0 | 1.77 | 35.48 | 37.25 | OK | |
r-devel-linux-x86_64-fedora-clang | 0.1.0 | 87.14 | NOTE | |||
r-devel-linux-x86_64-fedora-gcc | 0.1.0 | 83.93 | NOTE | |||
r-devel-windows-x86_64 | 0.1.0 | 5.00 | 74.00 | 79.00 | OK | |
r-patched-linux-x86_64 | 0.1.0 | 2.73 | 46.66 | 49.39 | OK | |
r-release-linux-x86_64 | OK | |||||
r-release-macos-arm64 | 0.1.0 | 30.00 | OK | |||
r-release-macos-x86_64 | 0.1.0 | 50.00 | OK | |||
r-release-windows-x86_64 | 0.1.0 | 5.00 | 72.00 | 77.00 | OK | |
r-oldrel-macos-arm64 | 0.1.0 | 29.00 | OK | |||
r-oldrel-macos-x86_64 | 0.1.0 | 41.00 | OK | |||
r-oldrel-windows-x86_64 | 0.1.0 | 5.00 | 80.00 | 85.00 | OK |
Version: 0.1.0
Check: examples
Result: NOTE
Examples with CPU (user + system) or elapsed time > 5s
user system elapsed
EWMA_p_chart_one_LCL 7.755 0.317 11.116
EWMA_p_one_LCL 6.900 0.019 11.641
EWMA_p_chart_two 6.301 0.037 7.809
EWMA_p_one_UCL 4.454 0.004 6.863
EWMA_p_chart_one_UCL 4.318 0.026 5.236
EWMA_p_two 3.027 0.023 5.043
Flavor: r-devel-linux-x86_64-debian-clang
Version: 0.1.0
Check: dependencies in R code
Result: NOTE
Namespace in Imports field not imported from: ‘qcr’
All declared Imports should be used.
Flavors: r-devel-linux-x86_64-fedora-clang, r-devel-linux-x86_64-fedora-gcc