Last updated on 2025-11-23 03:48:40 CET.
| Flavor | Version | Tinstall | Tcheck | Ttotal | Status | Flags |
|---|---|---|---|---|---|---|
| r-devel-linux-x86_64-debian-clang | 1.0.2 | 2.93 | 32.70 | 35.63 | NOTE | |
| r-devel-linux-x86_64-debian-gcc | 1.0.2 | 2.03 | 25.60 | 27.63 | NOTE | |
| r-devel-linux-x86_64-fedora-clang | 1.0.2 | 52.06 | OK | |||
| r-devel-windows-x86_64 | 1.0.2 | 6.00 | 54.00 | 60.00 | OK | |
| r-patched-linux-x86_64 | 1.0.2 | 2.41 | 30.52 | 32.93 | OK | |
| r-release-linux-x86_64 | 1.0.2 | 2.67 | 30.63 | 33.30 | OK | |
| r-release-macos-arm64 | 1.0.2 | OK | ||||
| r-release-macos-x86_64 | 1.0.2 | 2.00 | 27.00 | 29.00 | OK | |
| r-release-windows-x86_64 | 1.0.2 | 5.00 | 64.00 | 69.00 | OK | |
| r-oldrel-macos-arm64 | 1.0.2 | OK | ||||
| r-oldrel-macos-x86_64 | 1.0.2 | 2.00 | 21.00 | 23.00 | OK | |
| r-oldrel-windows-x86_64 | 1.0.2 | 6.00 | 61.00 | 67.00 | OK |
Version: 1.0.2
Check: CRAN incoming feasibility
Result: NOTE
Maintainer: ‘Alessandro Barbiero <alessandro.barbiero@unimi.it>’
No Authors@R field in DESCRIPTION.
Please add one, modifying
Authors@R: c(person(given = "Alessandro",
family = "Barbiero",
role = c("aut", "cre"),
email = "alessandro.barbiero@unimi.it"),
person(given = "Riccardo",
family = "Inchingolo",
role = "aut"),
person(given = "Mario",
family = "Samigli",
role = "aut"))
as necessary.
Found the following \keyword or \concept entries
which likely give several index terms:
File ‘estdiweibull.Rd’:
\keyword{distribution, htest}
File ‘heuristic.Rd’:
\keyword{distribution, htest}
File ‘loglikediw.Rd’:
\keyword{distribution, htest}
Flavors: r-devel-linux-x86_64-debian-clang, r-devel-linux-x86_64-debian-gcc