Last updated on 2025-11-15 03:50:07 CET.
| Flavor | Version | Tinstall | Tcheck | Ttotal | Status | Flags |
|---|---|---|---|---|---|---|
| r-devel-linux-x86_64-debian-clang | 0.13 | 4.84 | 53.07 | 57.91 | NOTE | |
| r-devel-linux-x86_64-debian-gcc | 0.13 | 3.87 | 37.87 | 41.74 | NOTE | |
| r-devel-linux-x86_64-fedora-clang | 0.13 | 15.00 | 73.00 | 88.00 | NOTE | |
| r-devel-linux-x86_64-fedora-gcc | 0.13 | 26.00 | 61.06 | 87.06 | NOTE | |
| r-devel-windows-x86_64 | 0.13 | 9.00 | 88.00 | 97.00 | NOTE | |
| r-patched-linux-x86_64 | 0.13 | 4.73 | 49.89 | 54.62 | OK | |
| r-release-linux-x86_64 | 0.13 | 5.42 | 49.31 | 54.73 | OK | |
| r-release-macos-arm64 | 0.13 | 3.00 | 37.00 | 40.00 | OK | |
| r-release-macos-x86_64 | 0.13 | 4.00 | 69.00 | 73.00 | OK | |
| r-release-windows-x86_64 | 0.13 | 7.00 | 88.00 | 95.00 | OK | |
| r-oldrel-macos-arm64 | 0.13 | 2.00 | 35.00 | 37.00 | OK | |
| r-oldrel-macos-x86_64 | 0.13 | 4.00 | 46.00 | 50.00 | OK | |
| r-oldrel-windows-x86_64 | 0.13 | 9.00 | 106.00 | 115.00 | OK |
Version: 0.13
Check: CRAN incoming feasibility
Result: NOTE
Maintainer: ‘Christian Vincenot <christian@vincenot.biz>’
No Authors@R field in DESCRIPTION.
Please add one, modifying
Authors@R: person(given = "Christian",
family = "Vincenot",
role = c("aut", "cre"),
email = "christian@vincenot.biz")
as necessary.
Flavors: r-devel-linux-x86_64-debian-clang, r-devel-linux-x86_64-debian-gcc
Version: 0.13
Check: Rd files
Result: NOTE
checkRd: (-1) Diderot-package.Rd:20: height/width attributes should be in pixels
Flavors: r-devel-linux-x86_64-debian-clang, r-devel-linux-x86_64-debian-gcc, r-devel-linux-x86_64-fedora-clang, r-devel-linux-x86_64-fedora-gcc, r-devel-windows-x86_64