CRAN Package Check Results for Package DensParcorr

Last updated on 2025-10-02 03:50:27 CEST.

Flavor Version Tinstall Tcheck Ttotal Status Flags
r-devel-linux-x86_64-debian-clang 1.1 1.61 21.74 23.35 NOTE
r-devel-linux-x86_64-debian-gcc 1.1 1.66 17.87 19.53 NOTE
r-devel-linux-x86_64-fedora-clang 1.1 35.35 OK
r-devel-linux-x86_64-fedora-gcc 1.1 34.22 OK
r-devel-windows-x86_64 1.1 3.00 41.00 44.00 OK
r-patched-linux-x86_64 1.1 1.89 20.78 22.67 OK
r-release-linux-x86_64 1.1 2.01 20.78 22.79 OK
r-release-macos-arm64 1.1 16.00 OK
r-release-macos-x86_64 1.1 24.00 OK
r-release-windows-x86_64 1.1 3.00 43.00 46.00 OK
r-oldrel-macos-arm64 1.1 16.00 OK
r-oldrel-macos-x86_64 1.1 22.00 OK
r-oldrel-windows-x86_64 1.1 4.00 49.00 53.00 OK

Check Details

Version: 1.1
Check: CRAN incoming feasibility
Result: NOTE Maintainer: ‘Yikai Wang <johnzon.wyk@gmail.com>’ No Authors@R field in DESCRIPTION. Please add one, modifying Authors@R: c(person(given = "Yikai", family = "Wang", role = c("aut", "cre"), email = "johnzon.wyk@gmail.com"), person(given = "Jian", family = "Kang", role = "aut"), person(given = c("Phebe", "Brenne"), family = "Kemmer", role = "aut"), person(given = "Ying", family = "Guo", role = "aut")) as necessary. Flavors: r-devel-linux-x86_64-debian-clang, r-devel-linux-x86_64-debian-gcc