Last updated on 2025-05-04 03:50:51 CEST.
Flavor | Version | Tinstall | Tcheck | Ttotal | Status | Flags |
---|---|---|---|---|---|---|
r-devel-linux-x86_64-debian-clang | 1.0 | 2.24 | 32.92 | 35.16 | NOTE | |
r-devel-linux-x86_64-debian-gcc | 1.0 | 2.10 | 24.50 | 26.60 | NOTE | |
r-devel-linux-x86_64-fedora-clang | 1.0 | 56.20 | NOTE | |||
r-devel-linux-x86_64-fedora-gcc | 1.0 | 51.55 | NOTE | |||
r-devel-windows-x86_64 | 1.0 | 4.00 | 54.00 | 58.00 | NOTE | |
r-patched-linux-x86_64 | 1.0 | 2.68 | 31.09 | 33.77 | NOTE | |
r-release-linux-x86_64 | NOTE | |||||
r-release-macos-arm64 | 1.0 | 20.00 | NOTE | |||
r-release-macos-x86_64 | 1.0 | 34.00 | NOTE | |||
r-release-windows-x86_64 | 1.0 | 4.00 | 55.00 | 59.00 | NOTE | |
r-oldrel-macos-arm64 | 1.0 | 22.00 | NOTE | |||
r-oldrel-macos-x86_64 | 1.0 | 34.00 | NOTE | |||
r-oldrel-windows-x86_64 | 1.0 | 5.00 | 61.00 | 66.00 | NOTE |
Version: 1.0
Check: CRAN incoming feasibility
Result: NOTE
Maintainer: ‘POISSON-CAILLAULT Emilie <emilie.poisson@univ-littoral.fr>’
No Authors@R field in DESCRIPTION.
Please add one, modifying
Authors@R: c(person(given = "DEZECACHE",
family = "Camille",
role = "aut"),
person(given = c("PHAN", "Thi", "Thu"),
family = "Hong",
role = "aut"),
person(given = "POISSON-CAILLAULT",
family = "Emilie",
role = c("aut", "cre"),
email = "emilie.poisson@univ-littoral.fr"))
as necessary.
Flavors: r-devel-linux-x86_64-debian-clang, r-devel-linux-x86_64-debian-gcc
Version: 1.0
Check: Rd files
Result: NOTE
checkRd: (-1) DTWUMI_1gap_imputation.Rd:33: Lost braces in \itemize; \value handles \item{}{} directly
checkRd: (-1) DTWUMI_1gap_imputation.Rd:34: Lost braces in \itemize; \value handles \item{}{} directly
checkRd: (-1) DTWUMI_1gap_imputation.Rd:35: Lost braces in \itemize; \value handles \item{}{} directly
checkRd: (-1) DTWUMI_1gap_imputation.Rd:36: Lost braces in \itemize; \value handles \item{}{} directly
checkRd: (-1) DTWUMI_1gap_imputation.Rd:37: Lost braces in \itemize; \value handles \item{}{} directly
Flavors: r-devel-linux-x86_64-debian-clang, r-devel-linux-x86_64-debian-gcc, r-devel-linux-x86_64-fedora-clang, r-devel-linux-x86_64-fedora-gcc, r-devel-windows-x86_64, r-patched-linux-x86_64, r-release-linux-x86_64, r-release-macos-arm64, r-release-macos-x86_64, r-release-windows-x86_64, r-oldrel-macos-arm64, r-oldrel-macos-x86_64, r-oldrel-windows-x86_64