Last updated on 2025-07-12 03:48:27 CEST.
Flavor | Version | Tinstall | Tcheck | Ttotal | Status | Flags |
---|---|---|---|---|---|---|
r-devel-linux-x86_64-debian-clang | 1.1 | 10.58 | 84.07 | 94.65 | NOTE | |
r-devel-linux-x86_64-debian-gcc | 1.1 | 7.27 | 60.98 | 68.25 | NOTE | |
r-devel-linux-x86_64-fedora-clang | 1.1 | 154.27 | OK | |||
r-devel-linux-x86_64-fedora-gcc | 1.1 | 134.88 | OK | |||
r-devel-windows-x86_64 | 1.1 | 11.00 | 88.00 | 99.00 | OK | |
r-patched-linux-x86_64 | 1.1 | 11.32 | 80.25 | 91.57 | OK | |
r-release-linux-x86_64 | 1.1 | 10.48 | 79.37 | 89.85 | OK | |
r-release-macos-arm64 | 1.1 | 48.00 | OK | |||
r-release-macos-x86_64 | 1.1 | 86.00 | OK | |||
r-release-windows-x86_64 | 1.1 | 12.00 | 93.00 | 105.00 | OK | |
r-oldrel-macos-arm64 | 1.1 | 41.00 | OK | |||
r-oldrel-macos-x86_64 | 1.1 | 63.00 | OK | |||
r-oldrel-windows-x86_64 | 1.1 | 14.00 | 107.00 | 121.00 | OK |
Version: 1.1
Check: CRAN incoming feasibility
Result: NOTE
Maintainer: ‘Yuan Chen <irene.yuan.chen@gmail.com>’
No Authors@R field in DESCRIPTION.
Please add one, modifying
Authors@R: c(person(given = "Yuan",
family = "Chen",
role = c("aut", "cre"),
email = "irene.yuan.chen@gmail.com"),
person(given = "Ying",
family = "Liu",
role = "aut"),
person(given = "Donglin",
family = "Zeng",
role = "aut"),
person(given = "Yuanjia",
family = "Wang",
role = "aut"))
as necessary.
Flavors: r-devel-linux-x86_64-debian-clang, r-devel-linux-x86_64-debian-gcc