CRAN Package Check Results for Package DSWE

Last updated on 2025-06-28 03:48:24 CEST.

Flavor Version Tinstall Tcheck Ttotal Status Flags
r-devel-linux-x86_64-debian-clang 1.8.2 70.13 122.88 193.01 OK
r-devel-linux-x86_64-debian-gcc 1.8.2 46.97 87.60 134.57 OK
r-devel-linux-x86_64-fedora-clang 1.8.2 305.88 OK
r-devel-linux-x86_64-fedora-gcc 1.8.2 306.44 OK
r-devel-windows-x86_64 1.8.2 71.00 142.00 213.00 OK
r-patched-linux-x86_64 OK
r-release-linux-x86_64 1.8.2 67.04 115.03 182.07 OK
r-release-macos-arm64 1.8.2 76.00 OK
r-release-macos-x86_64 1.8.2 134.00 OK
r-release-windows-x86_64 1.8.2 71.00 142.00 213.00 OK
r-oldrel-macos-arm64 1.8.2 77.00 NOTE
r-oldrel-macos-x86_64 1.8.2 105.00 NOTE
r-oldrel-windows-x86_64 1.8.2 89.00 177.00 266.00 OK

Check Details

Version: 1.8.2
Check: installed package size
Result: NOTE installed size is 8.2Mb sub-directories of 1Mb or more: data 2.8Mb libs 5.1Mb Flavors: r-oldrel-macos-arm64, r-oldrel-macos-x86_64