Last updated on 2025-10-31 02:50:29 CET.
| Flavor | Version | Tinstall | Tcheck | Ttotal | Status | Flags | 
|---|---|---|---|---|---|---|
| r-devel-linux-x86_64-debian-clang | 2.3 | 36.87 | 292.60 | 329.47 | NOTE | |
| r-devel-linux-x86_64-debian-gcc | 2.3 | 20.85 | 190.83 | 211.68 | NOTE | |
| r-devel-linux-x86_64-fedora-clang | 2.3 | 116.00 | 414.58 | 530.58 | OK | |
| r-devel-linux-x86_64-fedora-gcc | 2.3 | 77.00 | 420.68 | 497.68 | OK | |
| r-devel-windows-x86_64 | 2.3 | 30.00 | 226.00 | 256.00 | OK | |
| r-patched-linux-x86_64 | 2.3 | 32.60 | 281.20 | 313.80 | OK | |
| r-release-linux-x86_64 | 2.3 | 31.77 | 283.42 | 315.19 | OK | |
| r-release-macos-arm64 | 2.3 | 15.00 | 105.00 | 120.00 | OK | |
| r-release-macos-x86_64 | 2.3 | 29.00 | 226.00 | 255.00 | OK | |
| r-release-windows-x86_64 | 2.3 | 30.00 | 229.00 | 259.00 | OK | |
| r-oldrel-macos-arm64 | 2.3 | 14.00 | 105.00 | 119.00 | OK | |
| r-oldrel-macos-x86_64 | 2.3 | 22.00 | 168.00 | 190.00 | OK | |
| r-oldrel-windows-x86_64 | 2.3 | 46.00 | 329.00 | 375.00 | OK | 
Version: 2.3
Check: CRAN incoming feasibility
Result: NOTE
  Maintainer: ‘Alvaro Briz-Redon <alvaro.briz@uv.es>’
  
  No Authors@R field in DESCRIPTION.
  Please add one, modifying
    Authors@R: person(given = "Alvaro",
                      family = "Briz-Redon",
                      role = c("aut", "cre"),
                      email = "alvaro.briz@uv.es")
  as necessary.
Flavors: r-devel-linux-x86_64-debian-clang, r-devel-linux-x86_64-debian-gcc