CRAN Package Check Results for Package DOSPortfolio

Last updated on 2025-05-05 03:50:18 CEST.

Flavor Version Tinstall Tcheck Ttotal Status Flags
r-devel-linux-x86_64-debian-clang 0.1.0 1.88 27.98 29.86 NOTE
r-devel-linux-x86_64-debian-gcc 0.1.0 1.69 22.37 24.06 NOTE
r-devel-linux-x86_64-fedora-clang 0.1.0 46.06 OK
r-devel-linux-x86_64-fedora-gcc 0.1.0 57.67 OK
r-devel-windows-x86_64 0.1.0 3.00 48.00 51.00 OK
r-patched-linux-x86_64 0.1.0 2.23 26.05 28.28 OK
r-release-linux-x86_64 0.1.0 1.79 25.87 27.66 OK
r-release-macos-arm64 0.1.0 34.00 OK
r-release-macos-x86_64 0.1.0 45.00 OK
r-release-windows-x86_64 0.1.0 3.00 50.00 53.00 OK
r-oldrel-macos-arm64 0.1.0 25.00 OK
r-oldrel-macos-x86_64 0.1.0 38.00 OK
r-oldrel-windows-x86_64 0.1.0 4.00 54.00 58.00 OK

Check Details

Version: 0.1.0
Check: CRAN incoming feasibility
Result: NOTE Maintainer: ‘Erik Thorsén <erik.thorsen@math.su.se>’ The Description field contains (<arXiv:2106.02131>). Two dynamic shrinkage estimators are available Please refer to arXiv e-prints via their arXiv DOI <doi:10.48550/arXiv.YYMM.NNNNN>. Flavors: r-devel-linux-x86_64-debian-clang, r-devel-linux-x86_64-debian-gcc