Last updated on 2025-05-07 03:50:58 CEST.
Flavor | Version | Tinstall | Tcheck | Ttotal | Status | Flags |
---|---|---|---|---|---|---|
r-devel-linux-x86_64-debian-clang | 1.0 | 2.69 | 23.60 | 26.29 | NOTE | |
r-devel-linux-x86_64-debian-gcc | 1.0 | 2.03 | 17.77 | 19.80 | NOTE | |
r-devel-linux-x86_64-fedora-clang | 1.0 | 40.95 | OK | |||
r-devel-linux-x86_64-fedora-gcc | 1.0 | 39.31 | OK | |||
r-devel-windows-x86_64 | 1.0 | 4.00 | 41.00 | 45.00 | OK | |
r-patched-linux-x86_64 | 1.0 | 2.57 | 22.44 | 25.01 | OK | |
r-release-linux-x86_64 | 1.0 | 2.57 | 22.42 | 24.99 | OK | |
r-release-macos-arm64 | 1.0 | 20.00 | OK | |||
r-release-macos-x86_64 | 1.0 | 30.00 | OK | |||
r-release-windows-x86_64 | 1.0 | 3.00 | 41.00 | 44.00 | OK | |
r-oldrel-macos-arm64 | 1.0 | 16.00 | OK | |||
r-oldrel-macos-x86_64 | 1.0 | 28.00 | OK | |||
r-oldrel-windows-x86_64 | 1.0 | 3.00 | 41.00 | 44.00 | OK |
Version: 1.0
Check: CRAN incoming feasibility
Result: NOTE
Maintainer: ‘Hasinur Rahaman Khan <hasinurkhan@gmail.com>’
No Authors@R field in DESCRIPTION.
Please add one, modifying
Authors@R: c(person(given = "Faisal",
family = "Ababneh",
role = "aut"),
person(given = "John",
family = "Robinson",
role = "aut"),
person(given = c("Lars", "S"),
family = "Jermiin",
role = "aut"),
person(given = c("Hasinur", "Rahaman"),
family = "Khan",
role = c("aut", "cre"),
email = "hasinurkhan@gmail.com"))
as necessary.
Flavors: r-devel-linux-x86_64-debian-clang, r-devel-linux-x86_64-debian-gcc