Last updated on 2025-11-15 03:50:08 CET.
| Flavor | Version | Tinstall | Tcheck | Ttotal | Status | Flags |
|---|---|---|---|---|---|---|
| r-devel-linux-x86_64-debian-clang | 0.1.2 | 53.88 | 33.59 | 87.47 | NOTE | |
| r-devel-linux-x86_64-debian-gcc | 0.1.2 | 28.28 | 26.39 | 54.67 | NOTE | |
| r-devel-linux-x86_64-fedora-clang | 0.1.2 | 30.00 | 127.36 | 157.36 | OK | |
| r-devel-linux-x86_64-fedora-gcc | 0.1.2 | 30.00 | 104.86 | 134.86 | OK | |
| r-devel-windows-x86_64 | 0.1.2 | 71.00 | 72.00 | 143.00 | NOTE | |
| r-patched-linux-x86_64 | 0.1.2 | 49.32 | 32.14 | 81.46 | NOTE | |
| r-release-linux-x86_64 | 0.1.2 | 48.13 | 32.21 | 80.34 | NOTE | |
| r-release-macos-arm64 | 0.1.2 | 19.00 | 21.00 | 40.00 | OK | |
| r-release-macos-x86_64 | 0.1.2 | 16.00 | 31.00 | 47.00 | OK | |
| r-release-windows-x86_64 | 0.1.2 | 62.00 | 70.00 | 132.00 | NOTE | |
| r-oldrel-macos-arm64 | 0.1.2 | 20.00 | 18.00 | 38.00 | OK | |
| r-oldrel-macos-x86_64 | 0.1.2 | 18.00 | 26.00 | 44.00 | OK | |
| r-oldrel-windows-x86_64 | 0.1.2 | 75.00 | 88.00 | 163.00 | OK |
Version: 0.1.2
Check: Rd cross-references
Result: NOTE
Found the following Rd file(s) with Rd \link{} targets missing package
anchors:
EstimateDMQ.rd: DEoptim
fn.DEoptim.Rd: DEoptim
fn.solnp.Rd: solnp
Please provide package anchors for all Rd \link{} targets not in the
package itself and the base packages.
Flavors: r-devel-linux-x86_64-debian-clang, r-devel-linux-x86_64-debian-gcc, r-devel-windows-x86_64, r-patched-linux-x86_64, r-release-linux-x86_64, r-release-windows-x86_64