Last updated on 2025-11-04 03:50:48 CET.
| Flavor | Version | Tinstall | Tcheck | Ttotal | Status | Flags | 
|---|---|---|---|---|---|---|
| r-devel-linux-x86_64-debian-clang | 5.2.2 | 69.42 | 106.33 | 175.75 | OK | |
| r-devel-linux-x86_64-debian-gcc | 5.2.2 | 49.05 | 77.60 | 126.65 | OK | |
| r-devel-linux-x86_64-fedora-clang | 5.2.2 | 354.00 | -30.30 | 323.70 | OK | |
| r-devel-linux-x86_64-fedora-gcc | 5.2.2 | 131.00 | 172.08 | 303.08 | OK | |
| r-devel-windows-x86_64 | 5.2.2 | 85.00 | 141.00 | 226.00 | OK | |
| r-patched-linux-x86_64 | 5.2.2 | 78.43 | 106.75 | 185.18 | OK | |
| r-release-linux-x86_64 | 5.2.2 | 72.93 | 105.09 | 178.02 | OK | |
| r-release-macos-arm64 | 5.2.2 | 31.00 | 61.00 | 92.00 | OK | |
| r-release-macos-x86_64 | 5.2.2 | 36.00 | 138.00 | 174.00 | OK | |
| r-release-windows-x86_64 | 5.2.2 | 84.00 | 141.00 | 225.00 | OK | |
| r-oldrel-macos-arm64 | 5.2.2 | 27.00 | 52.00 | 79.00 | NOTE | |
| r-oldrel-macos-x86_64 | 5.2.2 | 29.00 | 94.00 | 123.00 | NOTE | |
| r-oldrel-windows-x86_64 | 5.2.2 | 101.00 | 192.00 | 293.00 | OK | 
Version: 5.2.2
Check: installed package size
Result: NOTE
    installed size is  7.8Mb
    sub-directories of 1Mb or more:
      libs   7.3Mb
Flavors: r-oldrel-macos-arm64, r-oldrel-macos-x86_64