Last updated on 2025-07-13 03:49:16 CEST.
Flavor | Version | Tinstall | Tcheck | Ttotal | Status | Flags |
---|---|---|---|---|---|---|
r-devel-linux-x86_64-debian-clang | 2.1-3 | 5.21 | 78.68 | 83.89 | NOTE | |
r-devel-linux-x86_64-debian-gcc | 2.1-3 | 3.16 | 51.14 | 54.30 | NOTE | |
r-devel-linux-x86_64-fedora-clang | 2.1-3 | 129.65 | OK | |||
r-devel-linux-x86_64-fedora-gcc | 2.1-3 | 138.86 | OK | |||
r-devel-windows-x86_64 | 2.1-3 | 6.00 | 117.00 | 123.00 | OK | |
r-patched-linux-x86_64 | 2.1-3 | 5.97 | 74.12 | 80.09 | OK | |
r-release-linux-x86_64 | 2.1-3 | 4.53 | 73.49 | 78.02 | OK | |
r-release-macos-arm64 | 2.1-3 | 42.00 | OK | |||
r-release-macos-x86_64 | 2.1-3 | 117.00 | OK | |||
r-release-windows-x86_64 | 2.1-3 | 6.00 | 121.00 | 127.00 | OK | |
r-oldrel-macos-arm64 | 2.1-3 | 38.00 | OK | |||
r-oldrel-macos-x86_64 | 2.1-3 | 62.00 | OK | |||
r-oldrel-windows-x86_64 | 2.1-3 | 5.00 | 107.00 | 112.00 | OK |
Version: 2.1-3
Check: CRAN incoming feasibility
Result: NOTE
Maintainer: ‘Ali Uenlue <ali.uenlue@tum.de>’
Package CITATION file contains call(s) to old-style personList() or
as.personList(). Please use c() on person objects instead.
Package CITATION file contains call(s) to old-style citEntry(). Please
use bibentry() instead.
Flavors: r-devel-linux-x86_64-debian-clang, r-devel-linux-x86_64-debian-gcc