Last updated on 2025-05-04 03:50:50 CEST.
Flavor | Version | Tinstall | Tcheck | Ttotal | Status | Flags |
---|---|---|---|---|---|---|
r-devel-linux-x86_64-debian-clang | 1.1.1 | 42.20 | 24.58 | 66.78 | NOTE | |
r-devel-linux-x86_64-debian-gcc | 1.1.1 | 32.47 | 19.96 | 52.43 | NOTE | |
r-devel-linux-x86_64-fedora-clang | 1.1.1 | 102.55 | NOTE | |||
r-devel-linux-x86_64-fedora-gcc | 1.1.1 | 134.44 | NOTE | |||
r-devel-windows-x86_64 | 1.1.1 | 46.00 | 73.00 | 119.00 | OK | |
r-patched-linux-x86_64 | 1.1.1 | 42.64 | 24.25 | 66.89 | NOTE | |
r-release-linux-x86_64 | NOTE | |||||
r-release-macos-arm64 | 1.1.1 | 34.00 | NOTE | |||
r-release-macos-x86_64 | 1.1.1 | 72.00 | NOTE | |||
r-release-windows-x86_64 | 1.1.1 | 43.00 | 62.00 | 105.00 | OK | |
r-oldrel-macos-arm64 | 1.1.1 | 32.00 | NOTE | |||
r-oldrel-macos-x86_64 | 1.1.1 | 54.00 | NOTE | |||
r-oldrel-windows-x86_64 | 1.1.1 | 52.00 | 76.00 | 128.00 | NOTE |
Version: 1.1.1
Check: CRAN incoming feasibility
Result: NOTE
Maintainer: ‘Jing Peng <pengjing@live.com>’
No Authors@R field in DESCRIPTION.
Please add one, modifying
Authors@R: person(given = "Jing",
family = "Peng",
role = c("aut", "cre"),
email = "pengjing@live.com")
as necessary.
Flavors: r-devel-linux-x86_64-debian-clang, r-devel-linux-x86_64-debian-gcc
Version: 1.1.1
Check: C++ specification
Result: NOTE
Specified C++11: please drop specification unless essential
Flavors: r-devel-linux-x86_64-debian-clang, r-devel-linux-x86_64-debian-gcc, r-devel-linux-x86_64-fedora-clang, r-devel-linux-x86_64-fedora-gcc, r-patched-linux-x86_64, r-release-linux-x86_64, r-release-macos-arm64, r-release-macos-x86_64, r-oldrel-macos-arm64, r-oldrel-macos-x86_64
Version: 1.1.1
Check: compiled code
Result: NOTE
File ‘CoxPlus/libs/CoxPlus.so’:
Found no calls to: ‘R_registerRoutines’, ‘R_useDynamicSymbols’
It is good practice to register native routines and to disable symbol
search.
See ‘Writing portable packages’ in the ‘Writing R Extensions’ manual.
Flavors: r-devel-linux-x86_64-fedora-clang, r-devel-linux-x86_64-fedora-gcc
Version: 1.1.1
Check: installed package size
Result: NOTE
installed size is 6.6Mb
sub-directories of 1Mb or more:
libs 6.5Mb
Flavors: r-oldrel-macos-arm64, r-oldrel-macos-x86_64
Version: 1.1.1
Check: LazyData
Result: NOTE
'LazyData' is specified without a 'data' directory
Flavors: r-oldrel-macos-arm64, r-oldrel-macos-x86_64, r-oldrel-windows-x86_64