Last updated on 2025-11-16 03:49:52 CET.
| Flavor | Version | Tinstall | Tcheck | Ttotal | Status | Flags |
|---|---|---|---|---|---|---|
| r-devel-linux-x86_64-debian-clang | 1.1.0 | 4.03 | 29.83 | 33.86 | OK | |
| r-devel-linux-x86_64-debian-gcc | 1.1.0 | 2.82 | 22.51 | 25.33 | OK | |
| r-devel-linux-x86_64-fedora-clang | 1.1.0 | 25.00 | 31.57 | 56.57 | OK | |
| r-devel-linux-x86_64-fedora-gcc | 1.1.0 | 48.73 | OK | |||
| r-devel-windows-x86_64 | 1.1.0 | 6.00 | 47.00 | 53.00 | OK | |
| r-patched-linux-x86_64 | 1.1.0 | 3.64 | 28.71 | 32.35 | OK | |
| r-release-linux-x86_64 | 1.1.0 | 3.75 | 28.48 | 32.23 | OK | |
| r-release-macos-arm64 | 1.1.0 | 2.00 | 19.00 | 21.00 | OK | |
| r-release-macos-x86_64 | 1.1.0 | 3.00 | 30.00 | 33.00 | OK | |
| r-release-windows-x86_64 | 1.1.0 | 5.00 | 47.00 | 52.00 | OK | |
| r-oldrel-macos-arm64 | 1.1.0 | 2.00 | 16.00 | 18.00 | NOTE | |
| r-oldrel-macos-x86_64 | 1.1.0 | 3.00 | 24.00 | 27.00 | NOTE | |
| r-oldrel-windows-x86_64 | 1.1.0 | 7.00 | 54.00 | 61.00 | NOTE |
Version: 1.1.0
Check: LazyData
Result: NOTE
'LazyData' is specified without a 'data' directory
Flavors: r-oldrel-macos-arm64, r-oldrel-macos-x86_64, r-oldrel-windows-x86_64