Last updated on 2025-10-31 02:50:28 CET.
| Flavor | Version | Tinstall | Tcheck | Ttotal | Status | Flags | 
|---|---|---|---|---|---|---|
| r-devel-linux-x86_64-debian-clang | 1.0 | 4.01 | 41.67 | 45.68 | NOTE | |
| r-devel-linux-x86_64-debian-gcc | 1.0 | 3.18 | 30.40 | 33.58 | NOTE | |
| r-devel-linux-x86_64-fedora-clang | 1.0 | 26.00 | 45.02 | 71.02 | NOTE | |
| r-devel-linux-x86_64-fedora-gcc | 1.0 | 62.99 | NOTE | |||
| r-devel-windows-x86_64 | 1.0 | 6.00 | 69.00 | 75.00 | NOTE | |
| r-patched-linux-x86_64 | 1.0 | 4.43 | 39.56 | 43.99 | NOTE | |
| r-release-linux-x86_64 | 1.0 | 3.66 | 38.89 | 42.55 | NOTE | |
| r-release-macos-arm64 | 1.0 | 2.00 | 21.00 | 23.00 | NOTE | |
| r-release-macos-x86_64 | 1.0 | 3.00 | 38.00 | 41.00 | NOTE | |
| r-release-windows-x86_64 | 1.0 | 5.00 | 71.00 | 76.00 | NOTE | |
| r-oldrel-macos-arm64 | 1.0 | 2.00 | 25.00 | 27.00 | NOTE | |
| r-oldrel-macos-x86_64 | 1.0 | 3.00 | 31.00 | 34.00 | NOTE | |
| r-oldrel-windows-x86_64 | 1.0 | 6.00 | 76.00 | 82.00 | NOTE | 
Version: 1.0
Check: CRAN incoming feasibility
Result: NOTE
  Maintainer: ‘Michel Semenou <michel.semenou@oniris-nantes.fr>’
  
  No Authors@R field in DESCRIPTION.
  Please add one, modifying
    Authors@R: person(given = "Michel",
                      family = "Semenou",
                      role = c("aut", "cre"),
                      email = "michel.semenou@oniris-nantes.fr")
  as necessary.
Flavors: r-devel-linux-x86_64-debian-clang, r-devel-linux-x86_64-debian-gcc
Version: 1.0
Check: Rd files
Result: NOTE
  checkRd: (-1) ClassifPaired.Rd:28: Lost braces; missing escapes or markup?
      28 | \code{hclust}, \code{cutree} of {stats} package}
         |                                 ^
  checkRd: (-1) EstimBradley.Rd:52-53: Lost braces
      52 |               \code{lvrH0} { \code{matrix} of size (\code{Tcla} * number of criteria), giving the value of the log likelihood under the hypothesis of equality of Bradley's scores
         |                            ^
  checkRd: (-1) EstimBradley.Rd:55-56: Lost braces
      55 |               \code{lvrH1} {\code{matrix} of size (\code{Tcla} * number of criteria), giving the value of the log likelihood under the hypothesis of non equality of Bradley's scores
         |                            ^
  checkRd: (-1) EstimBradley.Rd:58-59: Lost braces
      58 |               \code{lRatio} {\code{matrix} of size (\code{Tcla} * number of criteria), giving the value of the log likelihood Ratio statistic
         |                             ^
  checkRd: (-1) EstimBradley.Rd:61-62: Lost braces
      61 |               \code{Pvalue} {\code{matrix} of size (\code{Tcla} * number of criteria), giving the P value of the log likelihood Ratio test
         |                             ^
  checkRd: (-1) EstimBradley.Rd:64-65: Lost braces
      64 |               \code{H1} {\code{matrix} of size (\code{Tcla} * number of criteria) giving the result of rejection of equality of Bradley's scores
         |                         ^
  checkRd: (-1) getRestestglob.Rd:18: Lost braces
      18 | \code{lvrH0} { \code{matrix} of size (\code{Tcla} * number of criteria), giving the value of the log likelihood under the hypothesis of equality of Bradley's scores}
         |              ^
  checkRd: (-1) getRestestglob.Rd:20: Lost braces
      20 | \code{lvrH1} {\code{matrix} of size (\code{Tcla} * number of criteria), giving the value of the log likelihood under the hypothesis of non equality of Bradley's scores}
         |              ^
  checkRd: (-1) getRestestglob.Rd:22: Lost braces
      22 | \code{lRatio} {\code{matrix} of size (\code{Tcla} * number of criteria), giving the value of the log likelihood Ratio statistic}
         |               ^
  checkRd: (-1) getRestestglob.Rd:24: Lost braces
      24 | \code{Pvalue} {\code{matrix} of size (\code{Tcla} * number of criteria), giving the P value of the log likelihood Ratio test}
         |               ^
  checkRd: (-1) getRestestglob.Rd:26: Lost braces
      26 | \code{H1} {\code{matrix} of size (\code{Tcla} * number of criteria) giving the result of rejection of equality of Bradley's scores}
         |           ^
Flavors: r-devel-linux-x86_64-debian-clang, r-devel-linux-x86_64-debian-gcc, r-devel-linux-x86_64-fedora-clang, r-devel-linux-x86_64-fedora-gcc, r-devel-windows-x86_64, r-patched-linux-x86_64, r-release-linux-x86_64, r-release-macos-arm64, r-release-macos-x86_64, r-release-windows-x86_64, r-oldrel-macos-arm64, r-oldrel-macos-x86_64, r-oldrel-windows-x86_64