Last updated on 2025-11-03 03:49:36 CET.
| Flavor | Version | Tinstall | Tcheck | Ttotal | Status | Flags |
|---|---|---|---|---|---|---|
| r-devel-linux-x86_64-debian-clang | 2.1.3 | 9.61 | 73.92 | 83.53 | NOTE | |
| r-devel-linux-x86_64-debian-gcc | 2.1.3 | 6.70 | 53.97 | 60.67 | NOTE | |
| r-devel-linux-x86_64-fedora-clang | 2.1.3 | 43.00 | 93.44 | 136.44 | OK | |
| r-devel-linux-x86_64-fedora-gcc | 2.1.3 | 21.00 | 101.63 | 122.63 | OK | |
| r-devel-windows-x86_64 | 2.1.3 | 10.00 | 80.00 | 90.00 | OK | |
| r-patched-linux-x86_64 | 2.1.3 | 8.89 | 69.68 | 78.57 | OK | |
| r-release-linux-x86_64 | 2.1.3 | 7.96 | 69.79 | 77.75 | OK | |
| r-release-macos-arm64 | 2.1.3 | 5.00 | 36.00 | 41.00 | OK | |
| r-release-macos-x86_64 | 2.1.3 | 8.00 | 62.00 | 70.00 | OK | |
| r-release-windows-x86_64 | 2.1.3 | 10.00 | 79.00 | 89.00 | OK | |
| r-oldrel-macos-arm64 | 2.1.3 | 4.00 | 32.00 | 36.00 | OK | |
| r-oldrel-macos-x86_64 | 2.1.3 | 6.00 | 49.00 | 55.00 | OK | |
| r-oldrel-windows-x86_64 | 2.1.3 | 13.00 | 102.00 | 115.00 | OK |
Version: 2.1.3
Check: CRAN incoming feasibility
Result: NOTE
Maintainer: ‘Mengying Zhang <zhangmengying@hrbmu.edu.cn>’
No Authors@R field in DESCRIPTION.
Please add one, modifying
Authors@R: c(person(given = c("Mengying", "Zhang,Yongsheng", "Li,Juan", "Xu*,Xia"),
family = "Li*",
role = "aut"),
person(given = "Mengying",
family = "Zhang",
role = "cre",
email = "zhangmengying@hrbmu.edu.cn"))
as necessary.
Flavors: r-devel-linux-x86_64-debian-clang, r-devel-linux-x86_64-debian-gcc