CRAN Package Check Results for Package CaseBasedReasoning

Last updated on 2025-07-28 03:51:08 CEST.

Flavor Version Tinstall Tcheck Ttotal Status Flags
r-devel-linux-x86_64-debian-clang 0.3 68.83 119.55 188.38 NOTE
r-devel-linux-x86_64-debian-gcc 0.3 48.33 86.92 135.25 NOTE
r-devel-linux-x86_64-fedora-clang 0.3 323.14 NOTE
r-devel-linux-x86_64-fedora-gcc 0.3 296.29 NOTE
r-devel-windows-x86_64 0.3 77.00 140.00 217.00 NOTE
r-patched-linux-x86_64 0.3 60.26 112.90 173.16 NOTE
r-release-linux-x86_64 0.3 62.94 111.99 174.93 NOTE
r-release-macos-arm64 0.3 126.00 NOTE
r-release-macos-x86_64 0.3 144.00 NOTE
r-release-windows-x86_64 0.3 81.00 140.00 221.00 NOTE
r-oldrel-macos-arm64 0.3 50.00 NOTE
r-oldrel-macos-x86_64 0.3 80.00 NOTE
r-oldrel-windows-x86_64 0.3 95.00 176.00 271.00 NOTE

Check Details

Version: 0.3
Check: DESCRIPTION meta-information
Result: NOTE Missing dependency on R >= 4.1.0 because package code uses the pipe |> or function shorthand \(...) syntax added in R 4.1.0. File(s) using such syntax: ‘CBRBase.R’ ‘RFModel.R’ ‘RegressionModel.R’ ‘distance.R’ ‘generate_grid.R’ ‘utils.R’ Flavors: r-devel-linux-x86_64-debian-clang, r-devel-linux-x86_64-debian-gcc, r-devel-linux-x86_64-fedora-clang, r-devel-linux-x86_64-fedora-gcc, r-devel-windows-x86_64, r-patched-linux-x86_64, r-release-linux-x86_64, r-release-macos-arm64, r-release-macos-x86_64, r-release-windows-x86_64

Version: 0.3
Check: for GNU extensions in Makefiles
Result: NOTE GNU make is a SystemRequirements. Flavors: r-oldrel-macos-arm64, r-oldrel-macos-x86_64, r-oldrel-windows-x86_64