Last updated on 2025-11-23 03:48:39 CET.
| Flavor | Version | Tinstall | Tcheck | Ttotal | Status | Flags |
|---|---|---|---|---|---|---|
| r-devel-linux-x86_64-debian-clang | 1.2 | 4.26 | 32.17 | 36.43 | NOTE | |
| r-devel-linux-x86_64-debian-gcc | 1.2 | 3.05 | 24.44 | 27.49 | NOTE | |
| r-devel-linux-x86_64-fedora-clang | 1.2 | 53.37 | OK | |||
| r-devel-windows-x86_64 | 1.2 | 7.00 | 47.00 | 54.00 | OK | |
| r-patched-linux-x86_64 | 1.2 | 4.45 | 30.72 | 35.17 | OK | |
| r-release-linux-x86_64 | 1.2 | 3.24 | 30.29 | 33.53 | OK | |
| r-release-macos-arm64 | 1.2 | OK | ||||
| r-release-macos-x86_64 | 1.2 | 5.00 | 32.00 | 37.00 | OK | |
| r-release-windows-x86_64 | 1.2 | 5.00 | 54.00 | 59.00 | OK | |
| r-oldrel-macos-arm64 | 1.2 | OK | ||||
| r-oldrel-macos-x86_64 | 1.2 | 6.00 | 30.00 | 36.00 | OK | |
| r-oldrel-windows-x86_64 | 1.2 | 6.00 | 57.00 | 63.00 | OK |
Version: 1.2
Check: CRAN incoming feasibility
Result: NOTE
Maintainer: ‘Jeremie Riou <jeremie.riou@univ-angers.fr>’
No Authors@R field in DESCRIPTION.
Please add one, modifying
Authors@R: c(person(given = "Jeremie",
family = "Riou",
role = c("aut", "cre"),
email = "jeremie.riou@univ-angers.fr"),
person(given = "Benoit",
family = "Liquet",
role = "aut"))
as necessary.
Flavors: r-devel-linux-x86_64-debian-clang, r-devel-linux-x86_64-debian-gcc