Last updated on 2025-11-23 03:48:39 CET.
| Flavor | Version | Tinstall | Tcheck | Ttotal | Status | Flags |
|---|---|---|---|---|---|---|
| r-devel-linux-x86_64-debian-clang | 1.0.0 | 3.90 | 38.79 | 42.69 | NOTE | |
| r-devel-linux-x86_64-debian-gcc | 1.0.0 | 2.86 | 25.92 | 28.78 | NOTE | |
| r-devel-linux-x86_64-fedora-clang | 1.0.0 | 25.00 | 46.37 | 71.37 | OK | |
| r-devel-windows-x86_64 | 1.0.0 | 5.00 | 52.00 | 57.00 | OK | |
| r-patched-linux-x86_64 | 1.0.0 | 4.24 | 35.79 | 40.03 | OK | |
| r-release-linux-x86_64 | 1.0.0 | 4.14 | 36.01 | 40.15 | OK | |
| r-release-macos-arm64 | 1.0.0 | OK | ||||
| r-release-macos-x86_64 | 1.0.0 | 3.00 | 43.00 | 46.00 | OK | |
| r-release-windows-x86_64 | 1.0.0 | 4.00 | 60.00 | 64.00 | OK | |
| r-oldrel-macos-arm64 | 1.0.0 | OK | ||||
| r-oldrel-macos-x86_64 | 1.0.0 | 4.00 | 32.00 | 36.00 | OK | |
| r-oldrel-windows-x86_64 | 1.0.0 | 6.00 | 65.00 | 71.00 | OK |
Version: 1.0.0
Check: CRAN incoming feasibility
Result: NOTE
Maintainer: ‘JiaSheng Zhang <zhangjiasheng0509@outlook.com>’
No Authors@R field in DESCRIPTION.
Please add one, modifying
Authors@R: c(person(given = "JiaSheng",
family = "Zhang",
role = c("aut", "cre"),
email = "zhangjiasheng0509@outlook.com",
comment = "<zhangjiasheng0509@outlook.com>"),
person(given = "SiWei",
family = "Deng",
role = "aut"),
person(given = "Feng",
family = "Yu",
role = "aut"),
person(given = "YangYang",
family = "Zhang",
role = "aut"))
as necessary.
Flavors: r-devel-linux-x86_64-debian-clang, r-devel-linux-x86_64-debian-gcc