Last updated on 2025-11-22 03:50:45 CET.
| Flavor | Version | Tinstall | Tcheck | Ttotal | Status | Flags |
|---|---|---|---|---|---|---|
| r-devel-linux-x86_64-debian-clang | 0.1.0 | 6.57 | 57.56 | 64.13 | NOTE | |
| r-devel-linux-x86_64-debian-gcc | 0.1.0 | 4.89 | 41.56 | 46.45 | NOTE | |
| r-devel-linux-x86_64-fedora-clang | 0.1.0 | 32.00 | 75.42 | 107.42 | OK | |
| r-devel-windows-x86_64 | 0.1.0 | 10.00 | 81.00 | 91.00 | OK | |
| r-patched-linux-x86_64 | 0.1.0 | 6.00 | 53.51 | 59.51 | OK | |
| r-release-linux-x86_64 | 0.1.0 | 5.20 | 53.23 | 58.43 | OK | |
| r-release-macos-arm64 | 0.1.0 | OK | ||||
| r-release-macos-x86_64 | 0.1.0 | 5.00 | 38.00 | 43.00 | OK | |
| r-release-windows-x86_64 | 0.1.0 | 8.00 | 66.00 | 74.00 | OK | |
| r-oldrel-macos-arm64 | 0.1.0 | NOTE | ||||
| r-oldrel-macos-x86_64 | 0.1.0 | 4.00 | 37.00 | 41.00 | NOTE | |
| r-oldrel-windows-x86_64 | 0.1.0 | 11.00 | 84.00 | 95.00 | NOTE |
Version: 0.1.0
Check: CRAN incoming feasibility
Result: NOTE
Maintainer: ‘Raphaël Bonnet <raphael.bonnet@univ-cotedazur.fr>’
No Authors@R field in DESCRIPTION.
Please add one, modifying
Authors@R: c(person(given = "Raphaël",
family = "Bonnet",
role = c("aut", "cre"),
email = "raphael.bonnet@univ-cotedazur.fr"),
person(given = "Jean-François",
family = "Peyron",
role = c("aut", "ths")))
as necessary.
Flavors: r-devel-linux-x86_64-debian-clang, r-devel-linux-x86_64-debian-gcc
Version: 0.1.0
Check: LazyData
Result: NOTE
'LazyData' is specified without a 'data' directory
Flavors: r-oldrel-macos-arm64, r-oldrel-macos-x86_64, r-oldrel-windows-x86_64