Last updated on 2025-05-04 03:50:48 CEST.
Flavor | Version | Tinstall | Tcheck | Ttotal | Status | Flags |
---|---|---|---|---|---|---|
r-devel-linux-x86_64-debian-clang | 1.0.5 | 3.08 | 34.59 | 37.67 | NOTE | |
r-devel-linux-x86_64-debian-gcc | 1.0.5 | 2.25 | 26.10 | 28.35 | NOTE | |
r-devel-linux-x86_64-fedora-clang | 1.0.5 | 62.42 | OK | |||
r-devel-linux-x86_64-fedora-gcc | 1.0.5 | 56.84 | OK | |||
r-devel-windows-x86_64 | 1.0.5 | 4.00 | 53.00 | 57.00 | OK | |
r-patched-linux-x86_64 | 1.0.5 | 2.91 | 32.01 | 34.92 | OK | |
r-release-linux-x86_64 | OK | |||||
r-release-macos-arm64 | 1.0.5 | 24.00 | OK | |||
r-release-macos-x86_64 | 1.0.5 | 34.00 | OK | |||
r-release-windows-x86_64 | 1.0.5 | 3.00 | 53.00 | 56.00 | OK | |
r-oldrel-macos-arm64 | 1.0.5 | 21.00 | OK | |||
r-oldrel-macos-x86_64 | 1.0.5 | 32.00 | OK | |||
r-oldrel-windows-x86_64 | 1.0.5 | 4.00 | 62.00 | 66.00 | NOTE |
Version: 1.0.5
Check: CRAN incoming feasibility
Result: NOTE
Maintainer: ‘Scott Ritchie <sritchie73@gmail.com>’
No Authors@R field in DESCRIPTION.
Please add one, modifying
Authors@R: c(person(given = c("Qin", "Qin"),
family = "Huang",
role = "aut"),
person(given = "Scott",
family = "Ritchie",
role = c("aut", "cre"),
email = "sritchie73@gmail.com"))
as necessary.
Flavors: r-devel-linux-x86_64-debian-clang, r-devel-linux-x86_64-debian-gcc
Version: 1.0.5
Check: package dependencies
Result: NOTE
Package suggested but not available for checking: 'doMC'
Flavor: r-oldrel-windows-x86_64