Last updated on 2025-11-15 03:50:03 CET.
| Flavor | Version | Tinstall | Tcheck | Ttotal | Status | Flags |
|---|---|---|---|---|---|---|
| r-devel-linux-x86_64-debian-clang | 0.9.16 | 1529.74 | 42.08 | 1571.82 | OK | |
| r-devel-linux-x86_64-debian-gcc | 0.9.16 | 1034.08 | 45.93 | 1080.01 | OK | |
| r-devel-linux-x86_64-fedora-clang | 0.9.16 | 6900.00 | -3103.42 | 3796.58 | OK | |
| r-devel-linux-x86_64-fedora-gcc | 0.9.16 | 3300.00 | -356.55 | 2943.45 | OK | |
| r-devel-windows-x86_64 | 0.9.16 | 2261.00 | 84.00 | 2345.00 | OK | |
| r-patched-linux-x86_64 | 0.9.16 | 1513.53 | 60.15 | 1573.68 | OK | |
| r-release-linux-x86_64 | 0.9.16 | 1503.36 | 60.38 | 1563.74 | OK | |
| r-release-macos-arm64 | 0.9.16 | 448.00 | 84.00 | 532.00 | OK | |
| r-release-macos-x86_64 | 0.9.16 | 498.00 | 70.00 | 568.00 | OK | |
| r-release-windows-x86_64 | 0.9.16 | 1799.00 | 85.00 | 1884.00 | OK | |
| r-oldrel-macos-arm64 | 0.9.15 | 560.00 | 31.00 | 591.00 | NOTE | |
| r-oldrel-macos-x86_64 | 0.9.15 | 315.00 | 44.00 | 359.00 | NOTE | |
| r-oldrel-windows-x86_64 | 0.9.15 | 1754.00 | 97.00 | 1851.00 | NOTE |
Version: 0.9.15
Check: installed package size
Result: NOTE
installed size is 396.6Mb
sub-directories of 1Mb or more:
include 10.3Mb
lib 385.9Mb
Flavors: r-oldrel-macos-arm64, r-oldrel-macos-x86_64, r-oldrel-windows-x86_64
Version: 0.9.15
Check: for GNU extensions in Makefiles
Result: NOTE
GNU make is a SystemRequirements.
Flavors: r-oldrel-macos-arm64, r-oldrel-macos-x86_64, r-oldrel-windows-x86_64