Last updated on 2025-05-03 03:51:52 CEST.
Flavor | Version | Tinstall | Tcheck | Ttotal | Status | Flags |
---|---|---|---|---|---|---|
r-devel-linux-x86_64-debian-clang | 1.41 | 9.23 | 61.88 | 71.11 | NOTE | |
r-devel-linux-x86_64-debian-gcc | 1.41 | 6.03 | 45.12 | 51.15 | NOTE | |
r-devel-linux-x86_64-fedora-clang | 1.41 | 112.66 | OK | |||
r-devel-linux-x86_64-fedora-gcc | 1.41 | 115.43 | OK | |||
r-devel-windows-x86_64 | 1.41 | 9.00 | 63.00 | 72.00 | OK | |
r-patched-linux-x86_64 | 1.41 | 9.69 | 58.46 | 68.15 | OK | |
r-release-linux-x86_64 | OK | |||||
r-release-macos-arm64 | 1.41 | 37.00 | OK | |||
r-release-macos-x86_64 | 1.41 | 68.00 | OK | |||
r-release-windows-x86_64 | 1.41 | 10.00 | 75.00 | 85.00 | OK | |
r-oldrel-macos-arm64 | 1.41 | 33.00 | OK | |||
r-oldrel-macos-x86_64 | 1.41 | 53.00 | OK | |||
r-oldrel-windows-x86_64 | 1.41 | 12.00 | 91.00 | 103.00 | OK |
Version: 1.41
Check: CRAN incoming feasibility
Result: NOTE
Maintainer: ‘Minsuk Shin <minsuk000@gmail.com>’
No Authors@R field in DESCRIPTION.
Please add one, modifying
Authors@R: c(person(given = "Minsuk",
family = "Shin",
role = c("aut", "cre"),
email = "minsuk000@gmail.com"),
person(given = "Ruoxuan",
family = "Tian",
role = "aut"))
as necessary.
Flavors: r-devel-linux-x86_64-debian-clang, r-devel-linux-x86_64-debian-gcc