Last updated on 2025-05-06 03:50:57 CEST.
Flavor | Version | Tinstall | Tcheck | Ttotal | Status | Flags |
---|---|---|---|---|---|---|
r-devel-linux-x86_64-debian-clang | 1.1.0 | 8.20 | 39.93 | 48.13 | OK | |
r-devel-linux-x86_64-debian-gcc | 1.1.0 | 5.54 | 27.73 | 33.27 | OK | |
r-devel-linux-x86_64-fedora-clang | 1.1.0 | 78.48 | OK | |||
r-devel-linux-x86_64-fedora-gcc | 1.1.0 | 85.47 | OK | |||
r-devel-windows-x86_64 | 1.1.0 | 9.00 | 55.00 | 64.00 | OK | |
r-patched-linux-x86_64 | 1.1.0 | 8.11 | 38.09 | 46.20 | OK | |
r-release-linux-x86_64 | 1.1.0 | 7.37 | 38.15 | 45.52 | OK | |
r-release-macos-arm64 | 1.1.0 | 25.00 | OK | |||
r-release-macos-x86_64 | 1.1.0 | 71.00 | OK | |||
r-release-windows-x86_64 | 1.1.0 | 8.00 | 59.00 | 67.00 | OK | |
r-oldrel-macos-arm64 | 1.1.0 | 28.00 | NOTE | |||
r-oldrel-macos-x86_64 | 1.1.0 | 40.00 | NOTE | |||
r-oldrel-windows-x86_64 | 1.1.0 | 7.00 | 66.00 | 73.00 | NOTE |
Version: 1.1.0
Check: LazyData
Result: NOTE
'LazyData' is specified without a 'data' directory
Flavors: r-oldrel-macos-arm64, r-oldrel-macos-x86_64, r-oldrel-windows-x86_64