Last updated on 2025-05-04 03:50:48 CEST.
Flavor | Version | Tinstall | Tcheck | Ttotal | Status | Flags |
---|---|---|---|---|---|---|
r-devel-linux-x86_64-debian-clang | 0.1.1 | 6.47 | 60.04 | 66.51 | OK | |
r-devel-linux-x86_64-debian-gcc | 0.1.1 | 4.57 | 41.87 | 46.44 | OK | |
r-devel-linux-x86_64-fedora-clang | 0.1.1 | 90.11 | OK | |||
r-devel-linux-x86_64-fedora-gcc | 0.1.1 | 101.93 | OK | |||
r-devel-windows-x86_64 | 0.1.1 | 8.00 | 72.00 | 80.00 | OK | |
r-patched-linux-x86_64 | 0.1.1 | 6.38 | 54.06 | 60.44 | OK | |
r-release-linux-x86_64 | OK | |||||
r-release-macos-arm64 | 0.1.1 | 42.00 | OK | |||
r-release-macos-x86_64 | 0.1.1 | 81.00 | OK | |||
r-release-windows-x86_64 | 0.1.1 | 8.00 | 67.00 | 75.00 | OK | |
r-oldrel-macos-arm64 | 0.1.1 | 29.00 | NOTE | |||
r-oldrel-macos-x86_64 | 0.1.1 | 43.00 | NOTE | |||
r-oldrel-windows-x86_64 | 0.1.1 | 10.00 | 88.00 | 98.00 | NOTE |
Version: 0.1.1
Check: LazyData
Result: NOTE
'LazyData' is specified without a 'data' directory
Flavors: r-oldrel-macos-arm64, r-oldrel-macos-x86_64, r-oldrel-windows-x86_64