Last updated on 2025-10-01 03:50:35 CEST.
Flavor | Version | Tinstall | Tcheck | Ttotal | Status | Flags |
---|---|---|---|---|---|---|
r-devel-linux-x86_64-debian-clang | 0.3.3 | 6.64 | 71.15 | 77.79 | OK | |
r-devel-linux-x86_64-debian-gcc | 0.3.3 | 4.75 | 52.03 | 56.78 | OK | |
r-devel-linux-x86_64-fedora-clang | 0.3.3 | 115.04 | OK | |||
r-devel-linux-x86_64-fedora-gcc | 0.3.3 | 129.14 | OK | |||
r-devel-windows-x86_64 | 0.3.3 | 14.00 | 110.00 | 124.00 | OK | |
r-patched-linux-x86_64 | 0.3.2 | 9.25 | 63.81 | 73.06 | NOTE | |
r-release-linux-x86_64 | 0.3.3 | 5.78 | 65.94 | 71.72 | OK | |
r-release-macos-arm64 | 0.3.3 | 46.00 | OK | |||
r-release-macos-x86_64 | 0.3.3 | 109.00 | OK | |||
r-release-windows-x86_64 | 0.3.3 | 10.00 | 95.00 | 105.00 | OK | |
r-oldrel-macos-arm64 | 0.3.3 | 47.00 | OK | |||
r-oldrel-macos-x86_64 | 0.3.3 | 107.00 | OK | |||
r-oldrel-windows-x86_64 | 0.3.3 | 13.00 | 110.00 | 123.00 | OK |
Version: 0.3.2
Check: Rd cross-references
Result: NOTE
Found the following Rd file(s) with Rd \link{} targets missing package
anchors:
AgeC14_Computation.Rd: rjags
AgeS_Computation.Rd: rjags, runjags
Age_Computation.Rd: jags.model, rjags
Age_OSLC14.Rd: rjags, runjags
Generate_DataFile-deprecated.Rd: read_BIN2R, Luminescence
Generate_DataFile_MG-deprecated.Rd: read_BIN2R
Model_Age.Rd: rjags
Model_AgeC14.Rd: rjags
Model_AgeS.Rd: rjags
Model_Palaeodose.Rd: rjags
Palaeodose_Computation.Rd: jags.model, rjags
create_DataFile.Rd: RLum.Analysis-class
plot_MCMC.Rd: rjags
plot_Scatterplots.Rd: rjags
Please provide package anchors for all Rd \link{} targets not in the
package itself and the base packages.
Flavor: r-patched-linux-x86_64