Last updated on 2025-07-21 03:50:22 CEST.
Flavor | Version | Tinstall | Tcheck | Ttotal | Status | Flags |
---|---|---|---|---|---|---|
r-devel-linux-x86_64-debian-clang | 0.1-13 | 34.29 | 81.07 | 115.36 | NOTE | |
r-devel-linux-x86_64-debian-gcc | 0.1-13 | 26.09 | 58.47 | 84.56 | NOTE | |
r-devel-linux-x86_64-fedora-clang | 0.1-13 | 189.99 | OK | |||
r-devel-linux-x86_64-fedora-gcc | 0.1-13 | 189.50 | OK | |||
r-devel-windows-x86_64 | 0.1-13 | 38.00 | 112.00 | 150.00 | OK | |
r-patched-linux-x86_64 | 0.1-13 | 35.12 | 76.50 | 111.62 | OK | |
r-release-linux-x86_64 | 0.1-13 | 34.92 | 75.90 | 110.82 | OK | |
r-release-macos-arm64 | 0.1-13 | 61.00 | OK | |||
r-release-macos-x86_64 | 0.1-13 | 101.00 | OK | |||
r-release-windows-x86_64 | 0.1-13 | 41.00 | 106.00 | 147.00 | OK | |
r-oldrel-macos-arm64 | 0.1-13 | 51.00 | OK | |||
r-oldrel-macos-x86_64 | 0.1-13 | 75.00 | OK | |||
r-oldrel-windows-x86_64 | 0.1-13 | 47.00 | 136.00 | 183.00 | OK |
Version: 0.1-13
Check: CRAN incoming feasibility
Result: NOTE
Maintainer: ‘Gunther Schauberger <gunther.schauberger@tum.de>’
No Authors@R field in DESCRIPTION.
Please add one, modifying
Authors@R: person(given = "Gunther",
family = "Schauberger",
role = c("aut", "cre"),
email = "gunther.schauberger@tum.de")
as necessary.
Flavors: r-devel-linux-x86_64-debian-clang, r-devel-linux-x86_64-debian-gcc