Last updated on 2025-11-04 03:50:45 CET.
| Flavor | Version | Tinstall | Tcheck | Ttotal | Status | Flags | 
|---|---|---|---|---|---|---|
| r-devel-linux-x86_64-debian-clang | 3.2.5 | 36.87 | 120.42 | 157.29 | NOTE | |
| r-devel-linux-x86_64-debian-gcc | 3.2.5 | 24.29 | 86.01 | 110.30 | NOTE | |
| r-devel-linux-x86_64-fedora-clang | 3.2.5 | 74.00 | 192.35 | 266.35 | OK | |
| r-devel-linux-x86_64-fedora-gcc | 3.2.5 | 173.00 | 95.08 | 268.08 | OK | |
| r-devel-windows-x86_64 | 3.2.5 | 46.00 | 151.00 | 197.00 | NOTE | |
| r-patched-linux-x86_64 | 3.2.5 | 37.62 | 116.44 | 154.06 | OK | |
| r-release-linux-x86_64 | 3.2.5 | 37.45 | 116.89 | 154.34 | OK | |
| r-release-macos-arm64 | 3.2.5 | 18.00 | 52.00 | 70.00 | OK | |
| r-release-macos-x86_64 | 3.2.5 | 23.00 | 97.00 | 120.00 | OK | |
| r-release-windows-x86_64 | 3.2.5 | 45.00 | 147.00 | 192.00 | NOTE | |
| r-oldrel-macos-arm64 | 3.2.5 | 18.00 | 50.00 | 68.00 | OK | |
| r-oldrel-macos-x86_64 | 3.2.5 | 28.00 | 74.00 | 102.00 | OK | |
| r-oldrel-windows-x86_64 | 3.2.5 | 54.00 | 181.00 | 235.00 | NOTE | 
Version: 3.2.5
Check: CRAN incoming feasibility
Result: NOTE
  Maintainer: ‘Leah F. South <l1.south@qut.edu.au>’
  
  The Description field contains
    (2018) <arXiv:1809.05800>) is more robust to non-normal summary
    statistics. BSLmisspec (Frazier et al. 2019 <arXiv:1904.04551>)
  Please refer to arXiv e-prints via their arXiv DOI <doi:10.48550/arXiv.YYMM.NNNNN>.
Flavors: r-devel-linux-x86_64-debian-clang, r-devel-linux-x86_64-debian-gcc
Version: 3.2.5
Check: C++ specification
Result: NOTE
    Specified C++11: please drop specification unless essential
Flavors: r-devel-windows-x86_64, r-release-windows-x86_64, r-oldrel-windows-x86_64