Last updated on 2025-10-01 03:50:36 CEST.
Flavor | Version | Tinstall | Tcheck | Ttotal | Status | Flags |
---|---|---|---|---|---|---|
r-devel-linux-x86_64-debian-clang | 0.1.0 | 2.91 | 26.63 | 29.54 | NOTE | |
r-devel-linux-x86_64-debian-gcc | 0.1.0 | 2.30 | 21.58 | 23.88 | NOTE | |
r-devel-linux-x86_64-fedora-clang | 0.1.0 | 43.55 | OK | |||
r-devel-linux-x86_64-fedora-gcc | 0.1.0 | 43.01 | OK | |||
r-devel-windows-x86_64 | 0.1.0 | 6.00 | 50.00 | 56.00 | OK | |
r-patched-linux-x86_64 | 0.1.0 | 2.82 | 24.49 | 27.31 | OK | |
r-release-linux-x86_64 | 0.1.0 | 2.55 | 24.49 | 27.04 | OK | |
r-release-macos-arm64 | 0.1.0 | 21.00 | OK | |||
r-release-macos-x86_64 | 0.1.0 | 31.00 | OK | |||
r-release-windows-x86_64 | 0.1.0 | 6.00 | 52.00 | 58.00 | OK | |
r-oldrel-macos-arm64 | 0.1.0 | 24.00 | OK | |||
r-oldrel-macos-x86_64 | 0.1.0 | 29.00 | OK | |||
r-oldrel-windows-x86_64 | 0.1.0 | 5.00 | 52.00 | 57.00 | OK |
Version: 0.1.0
Check: CRAN incoming feasibility
Result: NOTE
Maintainer: ‘Mauricio Sadinle <msadinle@uw.edu>’
Found the following URLs which should use \doi (with the DOI name only):
File ‘BRL.Rd’:
https://doi.org/10.1080/01621459.2016.1148612
File ‘bipartiteGibbs.Rd’:
https://doi.org/10.1080/01621459.2016.1148612
File ‘compareRecords.Rd’:
https://doi.org/10.1080/01621459.2016.1148612
File ‘linkRecords.Rd’:
https://doi.org/10.1080/01621459.2016.1148612
File ‘twoFiles.Rd’:
https://doi.org/10.1080/01621459.2016.1148612
Flavors: r-devel-linux-x86_64-debian-clang, r-devel-linux-x86_64-debian-gcc