Last updated on 2025-05-01 03:49:45 CEST.
Flavor | Version | Tinstall | Tcheck | Ttotal | Status | Flags |
---|---|---|---|---|---|---|
r-devel-linux-x86_64-debian-clang | 0.1.3 | 11.29 | 97.79 | 109.08 | NOTE | |
r-devel-linux-x86_64-debian-gcc | 0.1.3 | 7.11 | 64.97 | 72.08 | OK | |
r-devel-linux-x86_64-fedora-clang | 0.1.3 | 165.30 | OK | |||
r-devel-linux-x86_64-fedora-gcc | 0.1.3 | 172.93 | OK | |||
r-devel-windows-x86_64 | 0.1.3 | 12.00 | 111.00 | 123.00 | OK | |
r-patched-linux-x86_64 | 0.1.3 | 12.02 | 90.75 | 102.77 | OK | |
r-release-linux-x86_64 | 0.1.3 | 9.98 | 91.12 | 101.10 | OK | |
r-release-macos-arm64 | 0.1.3 | 47.00 | OK | |||
r-release-macos-x86_64 | 0.1.3 | 74.00 | OK | |||
r-release-windows-x86_64 | 0.1.3 | 13.00 | 116.00 | 129.00 | OK | |
r-oldrel-macos-arm64 | 0.1.3 | 46.00 | OK | |||
r-oldrel-macos-x86_64 | 0.1.3 | 91.00 | OK | |||
r-oldrel-windows-x86_64 | 0.1.3 | 14.00 | 134.00 | 148.00 | OK |
Version: 0.1.3
Check: examples
Result: NOTE
Examples with CPU (user + system) or elapsed time > 5s
user system elapsed
BMTfit.qme 9.082 0.008 11.079
Flavor: r-devel-linux-x86_64-debian-clang
Version: 0.1.3
Check: examples
Result: NA
user system elapsed
BMTfit.qme 4.292 0.016 5.035
OK
Flavor: r-devel-linux-x86_64-debian-gcc