Last updated on 2025-05-03 03:51:52 CEST.
Flavor | Version | Tinstall | Tcheck | Ttotal | Status | Flags |
---|---|---|---|---|---|---|
r-devel-linux-x86_64-debian-clang | 0.6.5 | 2.08 | 23.23 | 25.31 | OK | |
r-devel-linux-x86_64-debian-gcc | 0.6.5 | 1.63 | 20.33 | 21.96 | OK | |
r-devel-linux-x86_64-fedora-clang | 0.6.5 | 41.13 | OK | |||
r-devel-linux-x86_64-fedora-gcc | 0.6.5 | 44.90 | OK | |||
r-devel-windows-x86_64 | 0.6.5 | 3.00 | 44.00 | 47.00 | OK | |
r-patched-linux-x86_64 | 0.6.5 | 1.93 | 24.91 | 26.84 | OK | |
r-release-linux-x86_64 | OK | |||||
r-release-macos-arm64 | 0.6.5 | 19.00 | OK | |||
r-release-macos-x86_64 | 0.6.5 | 49.00 | OK | |||
r-release-windows-x86_64 | 0.6.5 | 3.00 | 45.00 | 48.00 | OK | |
r-oldrel-macos-arm64 | 0.6.5 | 24.00 | NOTE | |||
r-oldrel-macos-x86_64 | 0.6.5 | 45.00 | NOTE | |||
r-oldrel-windows-x86_64 | 0.6.5 | 3.00 | 49.00 | 52.00 | NOTE |
Version: 0.6.5
Check: LazyData
Result: NOTE
'LazyData' is specified without a 'data' directory
Flavors: r-oldrel-macos-arm64, r-oldrel-macos-x86_64, r-oldrel-windows-x86_64