Last updated on 2025-11-23 03:48:37 CET.
| Flavor | Version | Tinstall | Tcheck | Ttotal | Status | Flags |
|---|---|---|---|---|---|---|
| r-devel-linux-x86_64-debian-clang | 1.3.0 | 8.64 | 75.64 | 84.28 | NOTE | |
| r-devel-linux-x86_64-debian-gcc | 1.3.0 | 5.74 | 55.27 | 61.01 | NOTE | |
| r-devel-linux-x86_64-fedora-clang | 1.3.0 | 17.00 | 115.76 | 132.76 | OK | |
| r-devel-windows-x86_64 | 1.3.0 | 13.00 | 85.00 | 98.00 | OK | |
| r-patched-linux-x86_64 | 1.3.0 | 7.84 | 72.93 | 80.77 | OK | |
| r-release-linux-x86_64 | 1.3.0 | 7.87 | 73.29 | 81.16 | OK | |
| r-release-macos-arm64 | 1.3.0 | OK | ||||
| r-release-macos-x86_64 | 1.3.0 | 6.00 | 56.00 | 62.00 | OK | |
| r-release-windows-x86_64 | 1.3.0 | 10.00 | 95.00 | 105.00 | OK | |
| r-oldrel-macos-arm64 | 1.3.0 | OK | ||||
| r-oldrel-macos-x86_64 | 1.3.0 | 5.00 | 54.00 | 59.00 | OK | |
| r-oldrel-windows-x86_64 | 1.3.0 | 12.00 | 104.00 | 116.00 | OK |
Version: 1.3.0
Check: CRAN incoming feasibility
Result: NOTE
Maintainer: ‘Hamed Haselimashhadi <hamedhaseli@gmail.com>’
No Authors@R field in DESCRIPTION.
Please add one, modifying
Authors@R: person(given = "Hamed",
family = "Haselimashhadi",
role = c("aut", "cre"),
email = "hamedhaseli@gmail.com")
as necessary.
Flavors: r-devel-linux-x86_64-debian-clang, r-devel-linux-x86_64-debian-gcc