CRAN Package Check Results for Package BCA1SG

Last updated on 2025-05-04 03:50:48 CEST.

Flavor Version Tinstall Tcheck Ttotal Status Flags
r-devel-linux-x86_64-debian-clang 0.1.0 2.78 32.16 34.94 NOTE
r-devel-linux-x86_64-debian-gcc 0.1.0 2.09 23.81 25.90 NOTE
r-devel-linux-x86_64-fedora-clang 0.1.0 53.95 OK
r-devel-linux-x86_64-fedora-gcc 0.1.0 51.39 OK
r-devel-windows-x86_64 0.1.0 4.00 54.00 58.00 OK
r-patched-linux-x86_64 0.1.0 3.06 30.08 33.14 OK
r-release-linux-x86_64 OK
r-release-macos-arm64 0.1.0 29.00 OK
r-release-macos-x86_64 0.1.0 39.00 OK
r-release-windows-x86_64 0.1.0 4.00 53.00 57.00 OK
r-oldrel-macos-arm64 0.1.0 22.00 OK
r-oldrel-macos-x86_64 0.1.0 29.00 OK
r-oldrel-windows-x86_64 0.1.0 4.00 59.00 63.00 OK

Check Details

Version: 0.1.0
Check: CRAN incoming feasibility
Result: NOTE Maintainer: ‘Wang Yudong <yudongw@u.nus.edu>’ No Authors@R field in DESCRIPTION. Please add one, modifying Authors@R: c(person(given = "Wang", family = "Yudong", role = c("aut", "cre"), email = "yudongw@u.nus.edu"), person(given = "Ye", family = "Zhisheng", role = "aut"), person(given = "Cao", family = "Hongyuan", role = "aut")) as necessary. Flavors: r-devel-linux-x86_64-debian-clang, r-devel-linux-x86_64-debian-gcc