Last updated on 2025-07-19 03:48:24 CEST.
Flavor | Version | Tinstall | Tcheck | Ttotal | Status | Flags |
---|---|---|---|---|---|---|
r-devel-linux-x86_64-debian-clang | 1.0.6 | 10.25 | 29.97 | 40.22 | OK | |
r-devel-linux-x86_64-debian-gcc | 1.0.6 | 5.74 | 23.56 | 29.30 | OK | |
r-devel-linux-x86_64-fedora-clang | 1.0.6 | 62.60 | NOTE | |||
r-devel-linux-x86_64-fedora-gcc | 1.0.6 | 72.51 | NOTE | |||
r-devel-windows-x86_64 | 1.0.6 | 11.00 | 55.00 | 66.00 | OK | |
r-patched-linux-x86_64 | 1.0.6 | 8.23 | 27.55 | 35.78 | OK | |
r-release-linux-x86_64 | 1.0.6 | 9.20 | 27.32 | 36.52 | OK | |
r-release-macos-arm64 | 1.0.6 | 28.00 | OK | |||
r-release-macos-x86_64 | 1.0.6 | 51.00 | OK | |||
r-release-windows-x86_64 | 1.0.6 | 11.00 | 54.00 | 65.00 | OK | |
r-oldrel-macos-arm64 | 1.0.6 | 35.00 | OK | |||
r-oldrel-macos-x86_64 | 1.0.6 | 52.00 | OK | |||
r-oldrel-windows-x86_64 | 1.0.6 | 13.00 | 59.00 | 72.00 | OK |
Version: 1.0.6
Check: dependencies in R code
Result: NOTE
Namespaces in Imports field not imported from:
‘R6’ ‘jose’ ‘openssl’
All declared Imports should be used.
Flavors: r-devel-linux-x86_64-fedora-clang, r-devel-linux-x86_64-fedora-gcc