CRAN Package Check Results for Package AlgebraicHaploPackage

Last updated on 2025-05-07 03:50:54 CEST.

Flavor Version Tinstall Tcheck Ttotal Status Flags
r-devel-linux-x86_64-debian-clang 1.2 2.13 24.13 26.26 NOTE
r-devel-linux-x86_64-debian-gcc 1.2 1.53 19.68 21.21 NOTE
r-devel-linux-x86_64-fedora-clang 1.2 41.88 NOTE
r-devel-linux-x86_64-fedora-gcc 1.2 52.50 NOTE
r-devel-windows-x86_64 1.2 4.00 66.00 70.00 NOTE
r-patched-linux-x86_64 1.2 1.82 23.27 25.09 NOTE
r-release-linux-x86_64 1.2 2.16 23.41 25.57 NOTE
r-release-macos-arm64 1.2 29.00 NOTE
r-release-macos-x86_64 1.2 59.00 NOTE
r-release-windows-x86_64 1.2 3.00 66.00 69.00 NOTE
r-oldrel-macos-arm64 1.2 30.00 NOTE
r-oldrel-macos-x86_64 1.2 56.00 NOTE
r-oldrel-windows-x86_64 1.2 3.00 63.00 66.00 NOTE

Check Details

Version: 1.2
Check: CRAN incoming feasibility
Result: NOTE Maintainer: ‘Jan Wolfertz <Jan.wolfertz@uni-duesseldorf.de>’ No Authors@R field in DESCRIPTION. Please add one, modifying Authors@R: person(given = "Jan", family = "Wolfertz", role = c("aut", "cre"), email = "jan.wolfertz@uni-duesseldorf.de") as necessary. Flavors: r-devel-linux-x86_64-debian-clang, r-devel-linux-x86_64-debian-gcc

Version: 1.2
Check: Rd files
Result: NOTE checkRd: (-1) optimalfrequency.Rd:29: Escaped LaTeX specials: \$ checkRd: (-1) optimalfrequency.Rd:30: Escaped LaTeX specials: \$ checkRd: (-1) optimalfrequency.Rd:31: Escaped LaTeX specials: \$ Flavors: r-devel-linux-x86_64-debian-clang, r-devel-linux-x86_64-debian-gcc, r-devel-linux-x86_64-fedora-clang, r-devel-linux-x86_64-fedora-gcc, r-devel-windows-x86_64, r-patched-linux-x86_64, r-release-linux-x86_64, r-release-macos-arm64, r-release-macos-x86_64, r-release-windows-x86_64, r-oldrel-macos-arm64, r-oldrel-macos-x86_64, r-oldrel-windows-x86_64